{"id":22802,"date":"2024-09-03T10:37:44","date_gmt":"2024-09-03T08:37:44","guid":{"rendered":"https:\/\/ettelbruck.lu\/citoyen\/events\/emil-und-die-detektive\/"},"modified":"2024-09-03T10:37:44","modified_gmt":"2024-09-03T08:37:44","slug":"emil-und-die-detektive","status":"publish","type":"events","link":"https:\/\/ettelbruck.lu\/citoyen\/events\/emil-und-die-detektive\/","title":{"rendered":"Emil und die Detektive"},"content":{"rendered":"<p>Emil se rend \u00e0 Berlin pour rendre visite \u00e0 sa grand-m\u00e8re. Alors qu&rsquo;il prend le train seul pour la premi\u00e8re fois, il se fait voler l&rsquo;argent que sa m\u00e8re lui a confi\u00e9&#8230; Quelle chance pour Emil de rencontrer Pony, une jeune berlinoise pleine de courage et d\u2019\u00e9nergie ! Ensemble, ils \u00e9laborent un plan. R\u00e9ussirontils \u00e0 confondre le voleur et \u00e0 r\u00e9cup\u00e9rer l&rsquo;argent ? Dans cette nouvelle adaptation m\u00ealant astucieusement sc\u00e8nes num\u00e9riques et analogiques, et accompagn\u00e9e d&rsquo;une musique envo\u00fbtante, la metteuse en sc\u00e8ne Julia Brettschneider et son \u00e9quipe parviennent \u00e0 transposer de mani\u00e8re captivante le classique intemporel d&rsquo;Erich K\u00e4stner \u00e0 l\u2019\u00e9poque actuelle.<\/p>","protected":false},"excerpt":{"rendered":"<p>Emil se rend \u00e0 Berlin pour rendre visite \u00e0 sa grand-m\u00e8re. Alors qu&rsquo;il prend le train seul pour la premi\u00e8re fois, il se fait voler l&rsquo;argent que sa m\u00e8re lui a confi\u00e9&#8230; Quelle chance pour Emil de rencontrer Pony, une jeune berlinoise pleine de courage et d\u2019\u00e9nergie ! Ensemble, ils \u00e9laborent un plan. R\u00e9ussirontils \u00e0 [&hellip;]<\/p>\n","protected":false},"featured_media":0,"template":"","acf":[],"_links":{"self":[{"href":"https:\/\/ettelbruck.lu\/citoyen\/wp-json\/wp\/v2\/events\/22802"}],"collection":[{"href":"https:\/\/ettelbruck.lu\/citoyen\/wp-json\/wp\/v2\/events"}],"about":[{"href":"https:\/\/ettelbruck.lu\/citoyen\/wp-json\/wp\/v2\/types\/events"}],"wp:attachment":[{"href":"https:\/\/ettelbruck.lu\/citoyen\/wp-json\/wp\/v2\/media?parent=22802"}],"curies":[{"name":"wp","href":"https:\/\/api.w.org\/{rel}","templated":true}]}}

<p>Emil se rend à Berlin pour rendre visite à sa grand-mère. Alors qu&rsquo;il prend le train seul pour la première fois, il se fait voler l&rsquo;argent que sa mère lui a confié&#8230; Quelle chance pour Emil de rencontrer Pony, une jeune berlinoise pleine de courage et d’énergie ! Ensemble, ils élaborent un plan. Réussirontils à confondre le voleur et à récupérer l&rsquo;argent ? Dans cette nouvelle adaptation mêlant astucieusement scènes numériques et analogiques, et accompagnée d&rsquo;une musique envoûtante, la metteuse en scène Julia Brettschneider et son équipe parviennent à transposer de manière captivante le classique intemporel d&rsquo;Erich Kästner à l’époque actuelle.</p>

<p>Emil se rend à Berlin pour rendre visite à sa grand-mère. Alors qu&rsquo;il prend le train seul pour la première fois, il se fait voler l&rsquo;argent que sa mère lui a confié&#8230; Quelle chance pour Emil de rencontrer Pony, une jeune berlinoise pleine de courage et d’énergie ! Ensemble, ils élaborent un plan. Réussirontils à [&hellip;]</p>
