{"id":24099,"date":"2025-03-17T10:37:00","date_gmt":"2025-03-17T08:37:00","guid":{"rendered":"https:\/\/ettelbruck.lu\/citoyen\/events\/liesung-an-der-sandkescht\/"},"modified":"2025-03-17T10:37:00","modified_gmt":"2025-03-17T08:37:00","slug":"liesung-an-der-sandkescht","status":"publish","type":"events","link":"https:\/\/ettelbruck.lu\/citoyen\/events\/liesung-an-der-sandkescht\/","title":{"rendered":"Liesung an der Sandk\u00ebscht"},"content":{"rendered":"<p>Venez nombreux et laissez-vous enthousiasmer par la lecture pour enfants organis\u00e9e par la <em>Ettelbr\u00e9cker Biblioth\u00e9ik<\/em>. La lecture commencera \u00e0 15.00 hrs.<\/p>\n<p>En cas de beau temps, l&rsquo;\u00e9v\u00e9nement se d\u00e9roulera \u00e0 la Sandk\u00ebscht \u00e0 la place Guillaume, sinon il aura lieu \u00e0 la biblioth\u00e8que.<\/p>","protected":false},"excerpt":{"rendered":"<p>Venez nombreux et laissez-vous enthousiasmer par la lecture pour enfants organis\u00e9e par la Ettelbr\u00e9cker Biblioth\u00e9ik. La lecture commencera \u00e0 15.00 hrs. En cas de beau temps, l&rsquo;\u00e9v\u00e9nement se d\u00e9roulera \u00e0 la Sandk\u00ebscht \u00e0 la place Guillaume, sinon il aura lieu \u00e0 la biblioth\u00e8que.<\/p>\n","protected":false},"featured_media":0,"template":"","acf":[],"_links":{"self":[{"href":"https:\/\/ettelbruck.lu\/citoyen\/wp-json\/wp\/v2\/events\/24099"}],"collection":[{"href":"https:\/\/ettelbruck.lu\/citoyen\/wp-json\/wp\/v2\/events"}],"about":[{"href":"https:\/\/ettelbruck.lu\/citoyen\/wp-json\/wp\/v2\/types\/events"}],"wp:attachment":[{"href":"https:\/\/ettelbruck.lu\/citoyen\/wp-json\/wp\/v2\/media?parent=24099"}],"curies":[{"name":"wp","href":"https:\/\/api.w.org\/{rel}","templated":true}]}}

Liesung an der Sandkëscht

<p>Venez nombreux et laissez-vous enthousiasmer par la lecture pour enfants organisée par la <em>Ettelbrécker Bibliothéik</em>. La lecture commencera à 15.00 hrs.</p>
<p>En cas de beau temps, l&rsquo;événement se déroulera à la Sandkëscht à la place Guillaume, sinon il aura lieu à la bibliothèque.</p>

<p>Venez nombreux et laissez-vous enthousiasmer par la lecture pour enfants organisée par la Ettelbrécker Bibliothéik. La lecture commencera à 15.00 hrs. En cas de beau temps, l&rsquo;événement se déroulera à la Sandkëscht à la place Guillaume, sinon il aura lieu à la bibliothèque.</p>
