{"id":10247,"date":"2020-07-07T16:37:20","date_gmt":"2020-07-07T14:37:20","guid":{"rendered":"https:\/\/ettelbruck.webdev.lu\/citoyen\/?page_id=10247"},"modified":"2023-03-21T15:45:31","modified_gmt":"2023-03-21T14:45:31","slug":"mobilite","status":"publish","type":"page","link":"https:\/\/ettelbruck.lu\/citoyen\/services-au-citoyen\/mobilite\/","title":{"rendered":"Mobilit\u00e9"},"content":{"rendered":"<p>Les mandataires politiques souhaitent augmenter la qualit\u00e9 de vie des citoyens et rendre la ville plus attractive. Le contournement et un grand parking \u00e0 l\u2019ext\u00e9rieur de la Ville ont d\u00e9j\u00e0 am\u00e9lior\u00e9 la qualit\u00e9 de vie des habitants. Le City-Bus et le Nordstad-Bus sont d\u2019autres mesures prises par les mandataires politiques afin d\u2019augmenter la qualit\u00e9 de vie pour les habitants.<\/p>\n<p><strong>Pour toute question relative au parking r\u00e9sidentiel, aux vignettes, etc. veuillez contacter le Service des Agents Municipaux et Gardes Champ\u00eatres<br \/>\n<\/strong><\/p>\n<p><strong>T\u00e9l.:\u00a0<a href=\"tel:819181340\">81 91 81 \u2013 340<\/a><\/strong><\/p>\n<p><strong>Fax: 81 91 81 \u2013 310<\/strong><\/p>\n<p><strong>Email: <a href=\"mailto:agmu@ettelbruck.lu\">agmu@ettelbruck.lu<\/a><\/strong><\/p>\n<p><strong>Heures d\u2019ouverture:<\/strong><\/p>\n<p><strong>Lundi-Vendredi :<\/strong><br \/>\n<strong><span style=\"color: #ff0000;\">08.00 hrs \u2013 11.30 hrs<\/span><\/strong><br \/>\n<strong><span style=\"color: #ff0000;\">13.30 hrs \u2013 16.30 hrs<\/span><\/strong><\/p>","protected":false},"excerpt":{"rendered":"<p>Les mandataires politiques souhaitent augmenter la qualit\u00e9 de vie des citoyens et rendre la ville plus attractive. Le contournement et un grand parking \u00e0 l\u2019ext\u00e9rieur de la Ville ont d\u00e9j\u00e0 am\u00e9lior\u00e9 la qualit\u00e9 de vie des habitants. Le City-Bus et le Nordstad-Bus sont d\u2019autres mesures prises par les mandataires politiques afin d\u2019augmenter la qualit\u00e9 de [&hellip;]<\/p>\n","protected":false},"author":1,"featured_media":0,"parent":242,"menu_order":4,"comment_status":"closed","ping_status":"closed","template":"","meta":{"_acf_changed":false,"inline_featured_image":false,"footnotes":""},"acf":[],"_links":{"self":[{"href":"https:\/\/ettelbruck.lu\/citoyen\/wp-json\/wp\/v2\/pages\/10247"}],"collection":[{"href":"https:\/\/ettelbruck.lu\/citoyen\/wp-json\/wp\/v2\/pages"}],"about":[{"href":"https:\/\/ettelbruck.lu\/citoyen\/wp-json\/wp\/v2\/types\/page"}],"author":[{"embeddable":true,"href":"https:\/\/ettelbruck.lu\/citoyen\/wp-json\/wp\/v2\/users\/1"}],"replies":[{"embeddable":true,"href":"https:\/\/ettelbruck.lu\/citoyen\/wp-json\/wp\/v2\/comments?post=10247"}],"version-history":[{"count":18,"href":"https:\/\/ettelbruck.lu\/citoyen\/wp-json\/wp\/v2\/pages\/10247\/revisions"}],"predecessor-version":[{"id":17382,"href":"https:\/\/ettelbruck.lu\/citoyen\/wp-json\/wp\/v2\/pages\/10247\/revisions\/17382"}],"up":[{"embeddable":true,"href":"https:\/\/ettelbruck.lu\/citoyen\/wp-json\/wp\/v2\/pages\/242"}],"wp:attachment":[{"href":"https:\/\/ettelbruck.lu\/citoyen\/wp-json\/wp\/v2\/media?parent=10247"}],"curies":[{"name":"wp","href":"https:\/\/api.w.org\/{rel}","templated":true}]}}

Mobilité

<p>Les mandataires politiques souhaitent augmenter la qualité de vie des citoyens et rendre la ville plus attractive. Le contournement et un grand parking à l’extérieur de la Ville ont déjà amélioré la qualité de vie des habitants. Le City-Bus et le Nordstad-Bus sont d’autres mesures prises par les mandataires politiques afin d’augmenter la qualité de vie pour les habitants.</p>
<p><strong>Pour toute question relative au parking résidentiel, aux vignettes, etc. veuillez contacter le Service des Agents Municipaux et Gardes Champêtres<br />
</strong></p>
<p><strong>Tél.: <a href="tel:819181340">81 91 81 – 340</a></strong></p>
<p><strong>Fax: 81 91 81 – 310</strong></p>
<p><strong>Email: <a href="mailto:agmu@ettelbruck.lu">agmu@ettelbruck.lu</a></strong></p>
<p><strong>Heures d’ouverture:</strong></p>
<p><strong>Lundi-Vendredi :</strong><br />
<strong><span style="color: #ff0000;">08.00 hrs – 11.30 hrs</span></strong><br />
<strong><span style="color: #ff0000;">13.30 hrs – 16.30 hrs</span></strong></p>

<p>Les mandataires politiques souhaitent augmenter la qualité de vie des citoyens et rendre la ville plus attractive. Le contournement et un grand parking à l’extérieur de la Ville ont déjà amélioré la qualité de vie des habitants. Le City-Bus et le Nordstad-Bus sont d’autres mesures prises par les mandataires politiques afin d’augmenter la qualité de [&hellip;]</p>
