{"id":10525,"date":"2020-08-11T09:30:26","date_gmt":"2020-08-11T07:30:26","guid":{"rendered":"https:\/\/ettelbruck.webdev.lu\/citoyen\/?page_id=10525"},"modified":"2023-03-15T11:58:54","modified_gmt":"2023-03-15T10:58:54","slug":"mediation-du-voisinage","status":"publish","type":"page","link":"https:\/\/ettelbruck.lu\/citoyen\/ma-commune\/administration-2\/mediation-du-voisinage\/","title":{"rendered":"M\u00e9diation du voisinage"},"content":{"rendered":"<p><strong><img loading=\"lazy\" decoding=\"async\" class=\"alignnone size-medium wp-image-10724\" src=\"https:\/\/ettelbruck.lu\/citoyen\/wp-content\/uploads\/sites\/2\/2020\/08\/mediation-300x120.png\" alt=\"\" width=\"300\" height=\"120\" srcset=\"https:\/\/ettelbruck.lu\/citoyen\/wp-content\/uploads\/sites\/2\/2020\/08\/mediation-300x120.png 300w, https:\/\/ettelbruck.lu\/citoyen\/wp-content\/uploads\/sites\/2\/2020\/08\/mediation-768x307.png 768w, https:\/\/ettelbruck.lu\/citoyen\/wp-content\/uploads\/sites\/2\/2020\/08\/mediation.png 1000w\" sizes=\"(max-width: 300px) 100vw, 300px\" \/><\/strong><\/p>\n<p><strong>Vous avez un probl\u00e8me de voisinage? Bruits, plantations, d\u00e9gradations, travaux, animaux, droit de propri\u00e9t\u00e9s\u2026<\/strong><\/p>\n<p><strong>N\u2019attendez plus! Venez rencontrer un(e) m\u00e9diateur(trice) \u00e0 la commune!<\/strong><\/p>\n<p>&nbsp;<\/p>\n<h2><strong>La m\u00e9diation<\/strong><\/h2>\n<ul>\n<li>est une d\u00e9marche volontaire;<\/li>\n<li>favorise un climat de dialogue et de coop\u00e9ration lors d\u2019un conflit de voisinage;<\/li>\n<li>permet de construire une solution satisfaisante pour chacun;<\/li>\n<li>est confidentielle;<\/li>\n<li>peut \u00eatre men\u00e9e en langues luxembourgeoise, fran\u00e7aise, allemande et portugaise.<\/li>\n<\/ul>\n<p>&nbsp;<\/p>\n<h2><strong>Le\/la m\u00e9diateur(trice)<\/strong><\/h2>\n<ul>\n<li>est professionnel(le) form\u00e9(e) \u00e0 la m\u00e9diation;<\/li>\n<li>intervient pour faciliter la communication dans une situation de conflit;<\/li>\n<li>accompagne la r\u00e9flexion des parties en leur permettant de trouver leur accord;<\/li>\n<li>ne prend pas parti;<\/li>\n<li>est soumi(se) au secret professionnel.<\/li>\n<\/ul>\n<p>&nbsp;<\/p>\n<h2><strong>Vos avantages:<\/strong><\/h2>\n<ul>\n<li>Un service gratuit r\u00e9serv\u00e9 aux habitants de la Commune d\u2019Ettelbruck.<\/li>\n<li>Une solution alternative \u00e0 la justice traditionnelle.<\/li>\n<li>Peut vous aider \u00e0 retrouver une meilleure qualit\u00e9 de vie.<\/li>\n<li>Rien \u00e0 perdre, mais peut-\u00eatre tout \u00e0 gagner!<\/li>\n<\/ul>\n<h2><strong>Comment \u00e7a marche?<\/strong><\/h2>\n<p>Chaque personne re\u00e7ue dans le Service de M\u00e9diation b\u00e9n\u00e9ficiera d\u2019une \u00e9coute individuelle et attentive. En fonction de vos besoins, le service mettra en place les d\u00e9marches n\u00e9cessaires \u00e0 la gestion de votre conflit.<\/p>\n<p>Le Service de M\u00e9diation de la commune d\u2019Ettelbruck est \u00e0 votre \u00e9coute. Laissez un message ainsi que vos coordonn\u00e9es sur le r\u00e9pondeur 81 91 81 444 ou envoyez un mail \u00e0\u00a0<a href=\"mailto:mediation@ettelbruck.lu\" target=\"_blank\" rel=\"noopener noreferrer\">mediation@ettelbruck.lu<\/a><\/p>\n<p>Un(e) m\u00e9diateur(trice) vous contactera dans les plus brefs d\u00e9lais.<\/p>","protected":false},"excerpt":{"rendered":"<p>Vous avez un probl\u00e8me de voisinage? Bruits, plantations, d\u00e9gradations, travaux, animaux, droit de propri\u00e9t\u00e9s\u2026 N\u2019attendez plus! Venez rencontrer un(e) m\u00e9diateur(trice) \u00e0 la commune! &nbsp; La m\u00e9diation est une d\u00e9marche volontaire; favorise un climat de dialogue et de coop\u00e9ration lors d\u2019un conflit de voisinage; permet de construire une solution satisfaisante pour chacun; est confidentielle; peut \u00eatre [&hellip;]<\/p>\n","protected":false},"author":4,"featured_media":0,"parent":10526,"menu_order":10,"comment_status":"closed","ping_status":"closed","template":"","meta":{"_acf_changed":false,"inline_featured_image":false,"footnotes":""},"acf":[],"_links":{"self":[{"href":"https:\/\/ettelbruck.lu\/citoyen\/wp-json\/wp\/v2\/pages\/10525"}],"collection":[{"href":"https:\/\/ettelbruck.lu\/citoyen\/wp-json\/wp\/v2\/pages"}],"about":[{"href":"https:\/\/ettelbruck.lu\/citoyen\/wp-json\/wp\/v2\/types\/page"}],"author":[{"embeddable":true,"href":"https:\/\/ettelbruck.lu\/citoyen\/wp-json\/wp\/v2\/users\/4"}],"replies":[{"embeddable":true,"href":"https:\/\/ettelbruck.lu\/citoyen\/wp-json\/wp\/v2\/comments?post=10525"}],"version-history":[{"count":5,"href":"https:\/\/ettelbruck.lu\/citoyen\/wp-json\/wp\/v2\/pages\/10525\/revisions"}],"predecessor-version":[{"id":17288,"href":"https:\/\/ettelbruck.lu\/citoyen\/wp-json\/wp\/v2\/pages\/10525\/revisions\/17288"}],"up":[{"embeddable":true,"href":"https:\/\/ettelbruck.lu\/citoyen\/wp-json\/wp\/v2\/pages\/10526"}],"wp:attachment":[{"href":"https:\/\/ettelbruck.lu\/citoyen\/wp-json\/wp\/v2\/media?parent=10525"}],"curies":[{"name":"wp","href":"https:\/\/api.w.org\/{rel}","templated":true}]}}