{"id":12937,"date":"2021-04-21T08:59:41","date_gmt":"2021-04-21T06:59:41","guid":{"rendered":"https:\/\/ettelbruck.lu\/citoyen\/?page_id=12937"},"modified":"2023-03-13T14:49:10","modified_gmt":"2023-03-13T13:49:10","slug":"jardin-communautaire-a-stackels","status":"publish","type":"page","link":"https:\/\/ettelbruck.lu\/citoyen\/jardin-communautaire-a-stackels\/","title":{"rendered":"Jardin communautaire \u00a0\u00bb a Stackels\u00a0\u00bb"},"content":{"rendered":"<p><strong>Principe de fonctionnement :<\/strong><\/p>\n<p>Le but du jardin communautaire ne peut \u00eatre garanti que par le travail coop\u00e9ratif des preneurs, le respect envers les voisins, l\u2019environnement et une r\u00e9glementation explicite. Celle-ci fait partie du contrat de bail et est obligatoire pour chaque partie prenante.<\/p>\n<p>Le jardin \u00ab a Stackels \u00bb est subdivis\u00e9 en des parties communes, dont notamment un jardin communautaire, une surface de r\u00e9cr\u00e9ation, un cadre pour le compost, un abri de jardin, une toilette et l\u2019acc\u00e8s \u00e0 l\u2019eau. Pour les autres parties, la surface sera divis\u00e9e en parcelles individuelles \u00e0 cultiver par chaque preneur personnellement.<\/p>\n<p>Chaque preneur devra se soumettre aux r\u00e8gles ci-apr\u00e8s et devra payer les frais de participations annuelles, dont le montant peut varier d\u2019une ann\u00e9e \u00e0 l\u2019autre.<\/p>\n<p>Le service \u201ePojet Arcade\u201c, affect\u00e9 \u00e0 l\u2019Office social OSNOS, est le gestionnaire du jardin communautaire \u201ea Stackels\u201c. Pour toutes r\u00e9clamations, questions, suggestions ou autres, le preneur est pri\u00e9 de s\u2019adresser aux responsables du \u201eProjet Arcade\u201c.<\/p>\n<p>&nbsp;<\/p>\n<p><strong>Devoirs et obligations :<\/strong><\/p>\n<ul>\n<li>Les parcelles sont destin\u00e9es \u00e0 l\u2019exploitation horticole (mara\u00eech\u00e8re et florale) et ceci uniquement pour la consommation et le besoin personnel ;<\/li>\n<li>Les parcelles sont \u00e0 cultiver selon les crit\u00e8res \u00e9cologiques, sans pesticides, ni engrais chimiques, ni organismes g\u00e9n\u00e9tiquement modifi\u00e9s (OGM). Des formations pourront \u00eatre organis\u00e9es \u00e0 ce sujet ;<\/li>\n<li>Les preneurs sont vivement invit\u00e9s de se rendre \u00e0 pied, en v\u00e9lo ou en transport commun dans le jardin. Le jardin ne pr\u00e9voit pas de places de parking pour v\u00e9hicules motoris\u00e9s. Des emplacements publics sont disponibles au \u00ab park and ride \u00bb \u00e0 l\u2019avenue G.-D. Charlotte et au parking du cimeti\u00e8re ;<\/li>\n<li>Le preneur peut, sous sa propre responsabilit\u00e9, se faire accompagner sans exc\u00e9der le nombre de 6 personnes travaillant dans la m\u00eame parcelle individuelle au m\u00eame moment ou occupant la zone de r\u00e9cr\u00e9ation ;<\/li>\n<li>La parcelle individuelle est \u00e0 cultiver et \u00e0 soigner r\u00e9guli\u00e8rement et personnellement par le preneur. Il veillera \u00e0 ce que ses cultures ne d\u00e9rangent ni nuisent aux cultures des parcelles individuelles avoisinantes ;<\/li>\n<li>La parcelle individuelle doit \u00eatre travaill\u00e9e au plus tard deux mois apr\u00e8s le d\u00e9but de la saison jardini\u00e8re (au plus tard d\u00e9but juillet). En cas de non-respect, la parcelle individuelle peut \u00eatre allou\u00e9e \u00e0 une autre personne de la liste d\u2019attente g\u00e9r\u00e9e par le gestionnaire (Projet Arcade), sans droit \u00e0 la restitution de la redevance ;<\/li>\n<li>L\u2019arrosage est \u00e0 faire avec un arrosoir et non pas avec un tuyau d\u2019arrosage ;<\/li>\n<li>Les travaux et le s\u00e9jour dans le jardin sont autoris\u00e9s entre 07h00 et 22h00 ;<\/li>\n<li>Les d\u00e9chets qui ne peuvent pas \u00eatre compost\u00e9s sont \u00e0 \u00e9vacuer par chaque preneur avec ses ordures m\u00e9nag\u00e8res \u00e0 son domicile ;<\/li>\n<li>Les d\u00e9chets qui peuvent \u00eatre compost\u00e9s sont \u00e0 placer sur le compost commun ;<\/li>\n<li>Les outils de jardinage communs sont \u00e0 utiliser de fa\u00e7on consciencieuse et sont \u00e0 nettoyer avant de les d\u00e9poser dans la cabane \u00e0 outils ;<\/li>\n<li>Une f\u00eate de r\u00e9colte et\/ou une journ\u00e9e porte ouverte peuvent \u00eatre organis\u00e9es (soutenue par le gestionnaire et la Ville d\u2019Ettelbruck) pour la prospection de nouveaux jardiniers et l\u2019information des habitants de la localit\u00e9.<\/li>\n<\/ul>\n<p>&nbsp;<\/p>\n<p><strong>Interdictions :<\/strong><\/p>\n<p>Il est interdit au preneur :<\/p>\n<ul>\n<li>de semer, cultiver ou exploiter des organismes g\u00e9n\u00e9tiquement modifi\u00e9s (OGM) ainsi que d\u2019employer des pesticides ou des engrais chimiques ;<\/li>\n<li>de planter des arbres, ni des plantes \u00e0 racines envahissantes comme le bambou, la menthe et le topinambour ;<\/li>\n<li>de planter des arbustes et haies ornementaux dont la hauteur exc\u00e8de 1.5m. Des plantes de grande taille (arbustes \u00e0 fruits rouges) et plantes \u00e0 racines tra\u00e7antes (p.ex. potiron) peuvent \u00eatre plant\u00e9es dans les parcelles communes apr\u00e8s d\u00e9cision du gestionnaire ;<\/li>\n<li>de tenir des abeilles, lapins, poules, pigeons et autre animaux domestiques ou d\u2019\u00e9levage (chiens, chats) ;<\/li>\n<li>de d\u00e9poser des d\u00e9chets dans le jardin ;<\/li>\n<li>de forer des puits ou fosses septiques, de fixer des cordes \u00e0 linge, d\u2019installer des cabinets de toilette ;<\/li>\n<li>de d\u00e9ranger les voisins par un bruit excessif (radio, t\u00e9l\u00e9vision, groupe \u00e9lectrog\u00e8ne ou autres sources sonores) ;<\/li>\n<li>de faire \u00e9couler l\u2019eau sur une propri\u00e9t\u00e9 voisine ;<\/li>\n<li>les dimanches et jours f\u00e9ri\u00e9s l\u00e9gaux, de se servir de motoculteurs, faucheuses ou moteurs \u00e0 explosion et de respecter le r\u00e8glement communal contre le bruit ;<\/li>\n<li>de br\u00fbler des d\u00e9chets et d\u2019incommoder de ce fait les voisins ou les promeneurs ;<\/li>\n<li>de construire une gloriette ou autre abri de jardin, ou une cl\u00f4ture autour de la parcelle individuelle ;<\/li>\n<li>de stationner quelconque v\u00e9hicule ou remorque sur le terrain communal, sauf autorisation pr\u00e9alable de la part des autorit\u00e9s comp\u00e9tentes.<\/li>\n<\/ul>\n<p>&nbsp;<\/p>\n<p><strong>Divers :<\/strong><br \/>\nLes obligations et interdictions \u00e9num\u00e9r\u00e9es ci-dessus ne sont pas exhaustives. En toutes circonstances, le preneur veillera \u00e0 assurer une occupation \u00ab en bon p\u00e8re de famille \u00bb.<\/p>\n<p>&nbsp;<\/p>\n<p><a href=\"https:\/\/ettelbruck.lu\/citoyen\/wp-content\/uploads\/sites\/2\/2021\/04\/Formulaire-demande-pour-inscription-sur-la-liste-dattente-pour-un-jardin.pdf\">Vers le formulaire<\/a><\/p>","protected":false},"excerpt":{"rendered":"<p>Principe de fonctionnement : Le but du jardin communautaire ne peut \u00eatre garanti que par le travail coop\u00e9ratif des preneurs, le respect envers les voisins, l\u2019environnement et une r\u00e9glementation explicite. Celle-ci fait partie du contrat de bail et est obligatoire pour chaque partie prenante. Le jardin \u00ab a Stackels \u00bb est subdivis\u00e9 en des parties [&hellip;]<\/p>\n","protected":false},"author":5,"featured_media":0,"parent":0,"menu_order":19,"comment_status":"closed","ping_status":"closed","template":"","meta":{"_acf_changed":false,"inline_featured_image":false,"footnotes":""},"acf":[],"_links":{"self":[{"href":"https:\/\/ettelbruck.lu\/citoyen\/wp-json\/wp\/v2\/pages\/12937"}],"collection":[{"href":"https:\/\/ettelbruck.lu\/citoyen\/wp-json\/wp\/v2\/pages"}],"about":[{"href":"https:\/\/ettelbruck.lu\/citoyen\/wp-json\/wp\/v2\/types\/page"}],"author":[{"embeddable":true,"href":"https:\/\/ettelbruck.lu\/citoyen\/wp-json\/wp\/v2\/users\/5"}],"replies":[{"embeddable":true,"href":"https:\/\/ettelbruck.lu\/citoyen\/wp-json\/wp\/v2\/comments?post=12937"}],"version-history":[{"count":2,"href":"https:\/\/ettelbruck.lu\/citoyen\/wp-json\/wp\/v2\/pages\/12937\/revisions"}],"predecessor-version":[{"id":17272,"href":"https:\/\/ettelbruck.lu\/citoyen\/wp-json\/wp\/v2\/pages\/12937\/revisions\/17272"}],"wp:attachment":[{"href":"https:\/\/ettelbruck.lu\/citoyen\/wp-json\/wp\/v2\/media?parent=12937"}],"curies":[{"name":"wp","href":"https:\/\/api.w.org\/{rel}","templated":true}]}}