{"id":188,"date":"2020-02-05T14:11:58","date_gmt":"2020-02-05T13:11:58","guid":{"rendered":"https:\/\/ettelbruck.webdev.lu\/citoyen\/?page_id=188"},"modified":"2023-03-21T15:00:47","modified_gmt":"2023-03-21T14:00:47","slug":"residence","status":"publish","type":"page","link":"https:\/\/ettelbruck.lu\/citoyen\/services-au-citoyen\/population\/residence\/","title":{"rendered":"R\u00e9sidence"},"content":{"rendered":"<p><\/p>\n<div class=\"wpb_text_column wpb_content_element padding\">\n<div class=\"wpb_wrapper\">\n<h1 class=\"introBleu\"><span style=\"color: #000000;\">Changement d\u2019adresse<\/span><\/h1>\n<h2 class=\"introBleu\">D\u00e9claration d\u2019arriv\u00e9e<\/h2>\n<\/div>\n<\/div>\n<div class=\"wpb_text_column wpb_content_element padding\">\n<div class=\"wpb_wrapper\">\n<p>Toute personne qui \u00e9tablit sa r\u00e9sidence sur le territoire de la commune d\u2019Ettelbruck,<br \/>\ndoit se pr\u00e9senter au bureau de la population end\u00e9ans un d\u00e9lai de huit jours pour s\u2019y<br \/>\nfaire inscrire.<\/p>\n<p><strong>Pi\u00e8ces \u00e0 pr\u00e9senter :<\/strong><\/p>\n<ul>\n<li>un document d\u2019identit\u00e9 valable<\/li>\n<li>un livre de famille ou un acte de naissance<\/li>\n<li>un contrat de bail ou un acte du notaire<\/li>\n<li>la carte grise de la voiture<\/li>\n<\/ul>\n<\/div>\n<\/div>\n<div class=\"wpb_text_column wpb_content_element padding\">\n<div class=\"wpb_wrapper\">\n<p class=\"abel20\">D\u00e9claration de d\u00e9part et changement de domicile dans la commune<\/p>\n<p>Toute personne qui veut transf\u00e9rer sa r\u00e9sidence dans un autre pays ou qui change de domicile dans la commune m\u00eame, doit, avant son d\u00e9part, faire une d\u00e9claration de changement d\u2019adresse au bureau de la population.\u00a0Elle doit en outre avertir le service de la facturation en vue de faire \u00e9tablir le d\u00e9compte des\u00a0taxes communales.<\/p>\n<h2>D\u00e9claration de d\u00e9part et changement de domicile dans la commune<\/h2>\n<p>Toute personne qui veut transf\u00e9rer sa r\u00e9sidence dans un autre pays ou qui change de domicile dans la commune m\u00eame, doit, avant son d\u00e9part, faire une d\u00e9claration de changement d\u2019adresse au bureau de la population. Elle doit en outre avertir le service de la facturation en vue de faire \u00e9tablir le d\u00e9compte des taxes communales.<\/p>\n<p><strong>A titre d\u2019information :<\/strong><\/p>\n<p>Toute personne qui a chang\u00e9 son domicile doit informer les PTT du changement d\u2019adresse dans un guichet des PTT et faire \u00e9ventuellement un ordre de r\u00e9exp\u00e9dition. L\u2019entreprise des Postes et T\u00e9l\u00e9communications dispose de cartes-r\u00e9ponse pour communiquer le changement d\u2019adresse \u00e0 tous ses destinataires (p.ex. banques, assurances et autres associations ou personnes priv\u00e9es).<\/p>\n<p>Il ne faut pas oublier d\u2019inscrire le nom sur la nouvelle bo\u00eete \u00e0 lettre et de faire changer l\u2019inscription dans l\u2019annuaire t\u00e9l\u00e9phonique (<strong>EDITUS Luxembourg<\/strong> SA 208, rue deNoertzange L-3670 Kayl T\u00e9l : <a href=\"tel:4960511\">4960511<\/a>)<\/p>\n<p>Votre changement d\u2019adresse est modifi\u00e9 par les services communaux au Centre informatique de l\u2019Etat et toutes les administrations publiques de l\u2019Etat seront inform\u00e9es automatiquement de votre changement de domicile.<\/p>\n<p>Pour tous les changements de raccordement de l\u2019antenne collective il faut s\u2019adresser \u00e0 l\u2019association de l\u2019<strong>Antenne collective Ettelbruck<\/strong>, 10a, place de l\u2019H\u00f4tel de Ville L- 9087 Ettelbruck, 2e \u00e9tage T\u00e9l. <a href=\"tel:818959\">818959<\/a>, heures d\u2019ouvertures : tous les jours ouvrables 10.00 \u00e0 12.00 heures.<\/p>\n<p>Toute personne qui est propri\u00e9taire d\u2019un v\u00e9hicule doit changer la carte d\u2019immatriculation (carte grise) \u00e0 une des stations de la\u00a0<strong>Soci\u00e9t\u00e9 Nationale de Contr\u00f4le Technique<\/strong> (Sandweiler, Esch-sur-Alzette ou Wilwerwiltz) ou \u00e0 la commune d&rsquo;arriv\u00e9e (uniquement pour les personnes physiques) dans un d\u00e9lai d&rsquo;un mois.<\/p>\n<p>Il n\u2019y a aucune modification \u00e0 faire au permis de conduire lors d\u2019un changement d\u2019adresse, sauf dans le cas d\u2019une premi\u00e8re inscription \u00e0 une commune du Grand-Duch\u00e9 de Luxembourg.<\/p>\n<p>Il est recommand\u00e9 de faire enregistrer son permis de conduire pour toutes les personnes qui sont en possession d\u2019un permis de conduire \u00e9tabli \u00e0 l\u2019\u00e9tranger. Cet enregistrement se fait apr\u00e8s la premi\u00e8re inscription au Minist\u00e8re du Transport, Service des permis de conduire, 11, rue de Luxembourg L-5230 Sandweiler<\/p>\n<p>Pour toutes autres informations adressez-vous au Service des permis de conduire T\u00e9l : <a href=\"http:\/\/26626 -400\">26626 -400<\/a><\/p>\n<\/div>\n<\/div>\n<p><\/p>","protected":false},"excerpt":{"rendered":"<p>Changement d\u2019adresse D\u00e9claration d\u2019arriv\u00e9e Toute personne qui \u00e9tablit sa r\u00e9sidence sur le territoire de la commune d\u2019Ettelbruck, doit se pr\u00e9senter au bureau de la population end\u00e9ans un d\u00e9lai de huit jours pour s\u2019y faire inscrire. Pi\u00e8ces \u00e0 pr\u00e9senter : un document d\u2019identit\u00e9 valable un livre de famille ou un acte de naissance un contrat de [&hellip;]<\/p>\n","protected":false},"author":1,"featured_media":0,"parent":18,"menu_order":0,"comment_status":"closed","ping_status":"closed","template":"","meta":{"_acf_changed":false,"inline_featured_image":false,"footnotes":""},"acf":[],"_links":{"self":[{"href":"https:\/\/ettelbruck.lu\/citoyen\/wp-json\/wp\/v2\/pages\/188"}],"collection":[{"href":"https:\/\/ettelbruck.lu\/citoyen\/wp-json\/wp\/v2\/pages"}],"about":[{"href":"https:\/\/ettelbruck.lu\/citoyen\/wp-json\/wp\/v2\/types\/page"}],"author":[{"embeddable":true,"href":"https:\/\/ettelbruck.lu\/citoyen\/wp-json\/wp\/v2\/users\/1"}],"replies":[{"embeddable":true,"href":"https:\/\/ettelbruck.lu\/citoyen\/wp-json\/wp\/v2\/comments?post=188"}],"version-history":[{"count":18,"href":"https:\/\/ettelbruck.lu\/citoyen\/wp-json\/wp\/v2\/pages\/188\/revisions"}],"predecessor-version":[{"id":17366,"href":"https:\/\/ettelbruck.lu\/citoyen\/wp-json\/wp\/v2\/pages\/188\/revisions\/17366"}],"up":[{"embeddable":true,"href":"https:\/\/ettelbruck.lu\/citoyen\/wp-json\/wp\/v2\/pages\/18"}],"wp:attachment":[{"href":"https:\/\/ettelbruck.lu\/citoyen\/wp-json\/wp\/v2\/media?parent=188"}],"curies":[{"name":"wp","href":"https:\/\/api.w.org\/{rel}","templated":true}]}}

Résidence

<p></p>
<div class="wpb_text_column wpb_content_element padding">
<div class="wpb_wrapper">
<h1 class="introBleu"><span style="color: #000000;">Changement d’adresse</span></h1>
<h2 class="introBleu">Déclaration d’arrivée</h2>
</div>
</div>
<div class="wpb_text_column wpb_content_element padding">
<div class="wpb_wrapper">
<p>Toute personne qui établit sa résidence sur le territoire de la commune d’Ettelbruck,<br />
doit se présenter au bureau de la population endéans un délai de huit jours pour s’y<br />
faire inscrire.</p>
<p><strong>Pièces à présenter :</strong></p>
<ul>
<li>un document d’identité valable</li>
<li>un livre de famille ou un acte de naissance</li>
<li>un contrat de bail ou un acte du notaire</li>
<li>la carte grise de la voiture</li>
</ul>
</div>
</div>
<div class="wpb_text_column wpb_content_element padding">
<div class="wpb_wrapper">
<p class="abel20">Déclaration de départ et changement de domicile dans la commune</p>
<p>Toute personne qui veut transférer sa résidence dans un autre pays ou qui change de domicile dans la commune même, doit, avant son départ, faire une déclaration de changement d’adresse au bureau de la population. Elle doit en outre avertir le service de la facturation en vue de faire établir le décompte des taxes communales.</p>
<h2>Déclaration de départ et changement de domicile dans la commune</h2>
<p>Toute personne qui veut transférer sa résidence dans un autre pays ou qui change de domicile dans la commune même, doit, avant son départ, faire une déclaration de changement d’adresse au bureau de la population. Elle doit en outre avertir le service de la facturation en vue de faire établir le décompte des taxes communales.</p>
<p><strong>A titre d’information :</strong></p>
<p>Toute personne qui a changé son domicile doit informer les PTT du changement d’adresse dans un guichet des PTT et faire éventuellement un ordre de réexpédition. L’entreprise des Postes et Télécommunications dispose de cartes-réponse pour communiquer le changement d’adresse à tous ses destinataires (p.ex. banques, assurances et autres associations ou personnes privées).</p>
<p>Il ne faut pas oublier d’inscrire le nom sur la nouvelle boîte à lettre et de faire changer l’inscription dans l’annuaire téléphonique (<strong>EDITUS Luxembourg</strong> SA 208, rue deNoertzange L-3670 Kayl Tél : <a href="tel:4960511">4960511</a>)</p>
<p>Votre changement d’adresse est modifié par les services communaux au Centre informatique de l’Etat et toutes les administrations publiques de l’Etat seront informées automatiquement de votre changement de domicile.</p>
<p>Pour tous les changements de raccordement de l’antenne collective il faut s’adresser à l’association de l’<strong>Antenne collective Ettelbruck</strong>, 10a, place de l’Hôtel de Ville L- 9087 Ettelbruck, 2e étage Tél. <a href="tel:818959">818959</a>, heures d’ouvertures : tous les jours ouvrables 10.00 à 12.00 heures.</p>
<p>Toute personne qui est propriétaire d’un véhicule doit changer la carte d’immatriculation (carte grise) à une des stations de la <strong>Société Nationale de Contrôle Technique</strong> (Sandweiler, Esch-sur-Alzette ou Wilwerwiltz) ou à la commune d&rsquo;arrivée (uniquement pour les personnes physiques) dans un délai d&rsquo;un mois.</p>
<p>Il n’y a aucune modification à faire au permis de conduire lors d’un changement d’adresse, sauf dans le cas d’une première inscription à une commune du Grand-Duché de Luxembourg.</p>
<p>Il est recommandé de faire enregistrer son permis de conduire pour toutes les personnes qui sont en possession d’un permis de conduire établi à l’étranger. Cet enregistrement se fait après la première inscription au Ministère du Transport, Service des permis de conduire, 11, rue de Luxembourg L-5230 Sandweiler</p>
<p>Pour toutes autres informations adressez-vous au Service des permis de conduire Tél : <a href="http://26626 -400">26626 -400</a></p>
</div>
</div>
<p></p>

<p>Changement d’adresse Déclaration d’arrivée Toute personne qui établit sa résidence sur le territoire de la commune d’Ettelbruck, doit se présenter au bureau de la population endéans un délai de huit jours pour s’y faire inscrire. Pièces à présenter : un document d’identité valable un livre de famille ou un acte de naissance un contrat de [&hellip;]</p>
