{"id":24657,"date":"2025-06-24T16:36:01","date_gmt":"2025-06-24T14:36:01","guid":{"rendered":"https:\/\/ettelbruck.lu\/citoyen\/?page_id=24657"},"modified":"2025-06-24T16:45:03","modified_gmt":"2025-06-24T14:45:03","slug":"seance-du-16-juin-2025","status":"publish","type":"page","link":"https:\/\/ettelbruck.lu\/citoyen\/ma-commune\/politique\/enregistrement-des-seances-du-conseil-communal\/seance-du-16-juin-2025\/","title":{"rendered":"S\u00e9ance du 16 juin 2025"},"content":{"rendered":"<p><strong><u>S\u00e9ance publique<\/u><\/strong><\/p>\n<p><strong>1. Approbation et signature du registre aux d\u00e9lib\u00e9rations de la derni\u00e8re s\u00e9ance du 22 mai 2025<\/strong><\/p>\n<p><strong>2. Actes, compromis, contrats, conventions et statuts<\/strong><\/p>\n<p>2.1 Convention Restena<\/p>\n<p>2.2 Parking couvert \u00ab Am D\u00e4ich \u00bb &#8211; contrat pour emplacements de stationnement r\u00e9serv\u00e9s<\/p>\n<p>2.3.a\/b\u00a0\u00a0 Compromis pour l\u2019acquisition de deux commerces \u00e0 la galerie commerciale Grand-rue<\/p>\n<ul>\n<li>Acte notari\u00e9 pour acquisition de la ferme Wanderscheid au no 32 rue de Feulen<\/li>\n<li>Auf der Haart \u2013 bail de fermage avec les consorts Lux<\/li>\n<\/ul>\n<p>&nbsp;<\/p>\n<p><strong>3. Devis, modifications budg\u00e9taires, affaires financi\u00e8res et d\u00e9comptes<\/strong><\/p>\n<p>3.1 \u00c9tat des recettes restant \u00e0 recouvrer de l\u2019exercice 2024<\/p>\n<p>3.2 Titres de recettes 2024<\/p>\n<p>&nbsp;<\/p>\n<p><strong>4.Modifications au r\u00e8glement de circulation communal<\/strong><\/p>\n<p>4.1 Modification du r\u00e8glement de circulation (parking place de l\u2019H\u00f4tel de Ville)<\/p>\n<p>&nbsp;<\/p>\n<p><strong>5. R\u00e8glements communaux<\/strong><\/p>\n<p>R\u00e8glement-taxes coordonn\u00e9\u00a0: Taxes de raccordement pour chauffage urbain<\/p>\n<p>&nbsp;<\/p>\n<p><strong>6. Affaires de personnel<\/strong><\/p>\n<p>Cr\u00e9ation de poste employ\u00e9 communal, groupe d\u2019indemnit\u00e9 C1, sous-groupe administratif pour les besoins du service des r\u00e9gies (assistance administrative\/s\u00e9curit\u00e9)<\/p>\n<p>&nbsp;<\/p>\n<p><strong>7. Divers<\/strong><\/p>\n<p>7.1. Nomination d\u2019un nouveau secr\u00e9taire pour la commission de la coop\u00e9ration<\/p>\n<p>7.2. Rapports des d\u00e9l\u00e9gu\u00e9s du conseil communal dans les syndicats intercommunaux<\/p>","protected":false},"excerpt":{"rendered":"<p>S\u00e9ance publique 1. Approbation et signature du registre aux d\u00e9lib\u00e9rations de la derni\u00e8re s\u00e9ance du 22 mai 2025 2. Actes, compromis, contrats, conventions et statuts 2.1 Convention Restena 2.2 Parking couvert \u00ab Am D\u00e4ich \u00bb &#8211; contrat pour emplacements de stationnement r\u00e9serv\u00e9s 2.3.a\/b\u00a0\u00a0 Compromis pour l\u2019acquisition de deux commerces \u00e0 la galerie commerciale Grand-rue Acte [&hellip;]<\/p>\n","protected":false},"author":16,"featured_media":0,"parent":9891,"menu_order":5,"comment_status":"closed","ping_status":"closed","template":"","meta":{"_acf_changed":false,"inline_featured_image":false,"footnotes":""},"acf":[],"_links":{"self":[{"href":"https:\/\/ettelbruck.lu\/citoyen\/wp-json\/wp\/v2\/pages\/24657"}],"collection":[{"href":"https:\/\/ettelbruck.lu\/citoyen\/wp-json\/wp\/v2\/pages"}],"about":[{"href":"https:\/\/ettelbruck.lu\/citoyen\/wp-json\/wp\/v2\/types\/page"}],"author":[{"embeddable":true,"href":"https:\/\/ettelbruck.lu\/citoyen\/wp-json\/wp\/v2\/users\/16"}],"replies":[{"embeddable":true,"href":"https:\/\/ettelbruck.lu\/citoyen\/wp-json\/wp\/v2\/comments?post=24657"}],"version-history":[{"count":2,"href":"https:\/\/ettelbruck.lu\/citoyen\/wp-json\/wp\/v2\/pages\/24657\/revisions"}],"predecessor-version":[{"id":24667,"href":"https:\/\/ettelbruck.lu\/citoyen\/wp-json\/wp\/v2\/pages\/24657\/revisions\/24667"}],"up":[{"embeddable":true,"href":"https:\/\/ettelbruck.lu\/citoyen\/wp-json\/wp\/v2\/pages\/9891"}],"wp:attachment":[{"href":"https:\/\/ettelbruck.lu\/citoyen\/wp-json\/wp\/v2\/media?parent=24657"}],"curies":[{"name":"wp","href":"https:\/\/api.w.org\/{rel}","templated":true}]}}