{"id":9891,"date":"2020-06-04T17:02:41","date_gmt":"2020-06-04T15:02:41","guid":{"rendered":"https:\/\/ettelbruck.webdev.lu\/citoyen\/?page_id=9891"},"modified":"2026-03-26T10:37:05","modified_gmt":"2026-03-26T09:37:05","slug":"enregistrement-des-seances-du-conseil-communal","status":"publish","type":"page","link":"https:\/\/ettelbruck.lu\/citoyen\/ma-commune\/politique\/enregistrement-des-seances-du-conseil-communal\/","title":{"rendered":"Enregistrements &amp; d\u00e9lib\u00e9rations des s\u00e9ances du conseil communal"},"content":{"rendered":"<p>Dans cette rubrique, vous retrouvez les enregistrements et d\u00e9lib\u00e9rations des s\u00e9ances du conseil communal. Il ne s\u2019agit pas d\u2019un archive. Les enregistrements sont uniquement temporairement en ligne.<\/p>\n<p>Pour acc\u00e9der \u00e0 l&rsquo;archive des enregistrements, <a href=\"https:\/\/ettelbruck.sigidrive.lu\/index.php\/s\/rGoYkmHGn5HnXF5\">veuillez cliquer sur ce lien<\/a>.<\/p>\n<p><span style=\"color: #ff0000\"><strong>En raison de probl\u00e8mes techniques, la s\u00e9ance du 18 mars 2024 n&rsquo;a pas \u00e9t\u00e9 enregistr\u00e9e.<\/strong><\/span><\/p>","protected":false},"excerpt":{"rendered":"<p>Dans cette rubrique, vous retrouvez les enregistrements et d\u00e9lib\u00e9rations des s\u00e9ances du conseil communal. Il ne s\u2019agit pas d\u2019un archive. Les enregistrements sont uniquement temporairement en ligne. Pour acc\u00e9der \u00e0 l&rsquo;archive des enregistrements, veuillez cliquer sur ce lien. En raison de probl\u00e8mes techniques, la s\u00e9ance du 18 mars 2024 n&rsquo;a pas \u00e9t\u00e9 enregistr\u00e9e.<\/p>\n","protected":false},"author":1,"featured_media":0,"parent":232,"menu_order":4,"comment_status":"closed","ping_status":"closed","template":"","meta":{"_acf_changed":false,"inline_featured_image":false,"footnotes":""},"acf":[],"_links":{"self":[{"href":"https:\/\/ettelbruck.lu\/citoyen\/wp-json\/wp\/v2\/pages\/9891"}],"collection":[{"href":"https:\/\/ettelbruck.lu\/citoyen\/wp-json\/wp\/v2\/pages"}],"about":[{"href":"https:\/\/ettelbruck.lu\/citoyen\/wp-json\/wp\/v2\/types\/page"}],"author":[{"embeddable":true,"href":"https:\/\/ettelbruck.lu\/citoyen\/wp-json\/wp\/v2\/users\/1"}],"replies":[{"embeddable":true,"href":"https:\/\/ettelbruck.lu\/citoyen\/wp-json\/wp\/v2\/comments?post=9891"}],"version-history":[{"count":129,"href":"https:\/\/ettelbruck.lu\/citoyen\/wp-json\/wp\/v2\/pages\/9891\/revisions"}],"predecessor-version":[{"id":27192,"href":"https:\/\/ettelbruck.lu\/citoyen\/wp-json\/wp\/v2\/pages\/9891\/revisions\/27192"}],"up":[{"embeddable":true,"href":"https:\/\/ettelbruck.lu\/citoyen\/wp-json\/wp\/v2\/pages\/232"}],"wp:attachment":[{"href":"https:\/\/ettelbruck.lu\/citoyen\/wp-json\/wp\/v2\/media?parent=9891"}],"curies":[{"name":"wp","href":"https:\/\/api.w.org\/{rel}","templated":true}]}}