{"id":1551,"date":"2022-02-22T10:05:30","date_gmt":"2022-02-22T09:05:30","guid":{"rendered":"https:\/\/ettelbruck.lu\/?post_type=events&#038;p=1551"},"modified":"2022-02-22T10:05:42","modified_gmt":"2022-02-22T09:05:42","slug":"presentation-nouvelle-loi-relative-au-patrimoine-culturel","status":"publish","type":"events","link":"https:\/\/ettelbruck.lu\/en\/events\/presentation-nouvelle-loi-relative-au-patrimoine-culturel\/","title":{"rendered":"Pr\u00e9sentation: nouvelle loi relative au patrimoine culturel"},"content":{"rendered":"<div class=\"\" data-block=\"true\" data-editor=\"3koq0\" data-offset-key=\"8pilo-0-0\">\n<div class=\"_1mf _1mj\" data-offset-key=\"8pilo-0-0\"><span data-offset-key=\"8pilo-0-0\">La ministre de la Culture, Sam Tanson a le <\/span><span data-offset-key=\"8pilo-1-0\">plaisir<\/span><span data-offset-key=\"8pilo-2-0\"> d\u2019inviter toute personne int\u00e9ress\u00e9e \u00e0 la r\u00e9union de pr\u00e9sentation et d\u2019information sur la nouvelle loi relative au patrimoine culturel qui aura lieu le 15 mars \u00e0 19.00 hrs au <\/span><span class=\"diy96o5h\" spellcheck=\"false\" data-offset-key=\"8pilo-3-0\"><span data-offset-key=\"8pilo-3-0\">CAPE &#8211; Centre des Arts Pluriels Ettelbruck<\/span><\/span><span data-offset-key=\"8pilo-4-0\">. <\/span><\/div>\n<\/div>\n<div class=\"\" data-block=\"true\" data-editor=\"3koq0\" data-offset-key=\"90ki2-0-0\">\n<div class=\"_1mf _1mj\" data-offset-key=\"90ki2-0-0\"><span data-offset-key=\"90ki2-0-0\">\u00a0<\/span><\/div>\n<\/div>\n<div class=\"\" data-block=\"true\" data-editor=\"3koq0\" data-offset-key=\"e7gkj-0-0\">\n<div class=\"_1mf _1mj\" data-offset-key=\"e7gkj-0-0\"><span data-offset-key=\"e7gkj-0-0\">Si vous souhaitez participer \u00e0 l\u2019une des r\u00e9unions, merci de vous inscrire \u00e0 l\u2019adresse pr@mc. etat.lu en indiquant le nombre de personnes participant, la date et le lieu de la r\u00e9union (Ettelbruck, r\u00e9gion nord) \u00e0 laquelle vous souhaitez participer.<\/span><\/div>\n<\/div>\n<div class=\"\" data-block=\"true\" data-editor=\"3koq0\" data-offset-key=\"7ns6s-0-0\">\n<div class=\"_1mf _1mj\" data-offset-key=\"7ns6s-0-0\"><span data-offset-key=\"7ns6s-0-0\">\u00a0<\/span><\/div>\n<\/div>\n<div class=\"\" data-block=\"true\" data-editor=\"3koq0\" data-offset-key=\"3c6c0-0-0\">\n<div class=\"_1mf _1mj\" data-offset-key=\"3c6c0-0-0\"><span data-offset-key=\"3c6c0-0-0\">Les manifestations se tiendront sous le r\u00e9gime du Covid-Check 3G.<\/span><\/div>\n<\/div>\n","protected":false},"excerpt":{"rendered":"<p>La ministre de la Culture, Sam Tanson a le plaisir d\u2019inviter toute personne int\u00e9ress\u00e9e \u00e0 la r\u00e9union de pr\u00e9sentation et d\u2019information sur la nouvelle loi relative au patrimoine culturel qui aura lieu le 15 mars \u00e0 19.00 hrs au CAPE &#8211; Centre des Arts Pluriels Ettelbruck. \u00a0 Si vous souhaitez participer \u00e0 l\u2019une des r\u00e9unions, [&hellip;]<\/p>\n","protected":false},"featured_media":0,"template":"","acf":[],"_links":{"self":[{"href":"https:\/\/ettelbruck.lu\/en\/wp-json\/wp\/v2\/events\/1551"}],"collection":[{"href":"https:\/\/ettelbruck.lu\/en\/wp-json\/wp\/v2\/events"}],"about":[{"href":"https:\/\/ettelbruck.lu\/en\/wp-json\/wp\/v2\/types\/events"}],"wp:attachment":[{"href":"https:\/\/ettelbruck.lu\/en\/wp-json\/wp\/v2\/media?parent=1551"}],"curies":[{"name":"wp","href":"https:\/\/api.w.org\/{rel}","templated":true}]}}

Présentation: nouvelle loi relative au patrimoine culturel

<div class="" data-block="true" data-editor="3koq0" data-offset-key="8pilo-0-0">
<div class="_1mf _1mj" data-offset-key="8pilo-0-0"><span data-offset-key="8pilo-0-0">La ministre de la Culture, Sam Tanson a le </span><span data-offset-key="8pilo-1-0">plaisir</span><span data-offset-key="8pilo-2-0"> d’inviter toute personne intéressée à la réunion de présentation et d’information sur la nouvelle loi relative au patrimoine culturel qui aura lieu le 15 mars à 19.00 hrs au </span><span class="diy96o5h" spellcheck="false" data-offset-key="8pilo-3-0"><span data-offset-key="8pilo-3-0">CAPE &#8211; Centre des Arts Pluriels Ettelbruck</span></span><span data-offset-key="8pilo-4-0">. </span></div>
</div>
<div class="" data-block="true" data-editor="3koq0" data-offset-key="90ki2-0-0">
<div class="_1mf _1mj" data-offset-key="90ki2-0-0"><span data-offset-key="90ki2-0-0"> </span></div>
</div>
<div class="" data-block="true" data-editor="3koq0" data-offset-key="e7gkj-0-0">
<div class="_1mf _1mj" data-offset-key="e7gkj-0-0"><span data-offset-key="e7gkj-0-0">Si vous souhaitez participer à l’une des réunions, merci de vous inscrire à l’adresse pr@mc. etat.lu en indiquant le nombre de personnes participant, la date et le lieu de la réunion (Ettelbruck, région nord) à laquelle vous souhaitez participer.</span></div>
</div>
<div class="" data-block="true" data-editor="3koq0" data-offset-key="7ns6s-0-0">
<div class="_1mf _1mj" data-offset-key="7ns6s-0-0"><span data-offset-key="7ns6s-0-0"> </span></div>
</div>
<div class="" data-block="true" data-editor="3koq0" data-offset-key="3c6c0-0-0">
<div class="_1mf _1mj" data-offset-key="3c6c0-0-0"><span data-offset-key="3c6c0-0-0">Les manifestations se tiendront sous le régime du Covid-Check 3G.</span></div>
</div>

<p>La ministre de la Culture, Sam Tanson a le plaisir d’inviter toute personne intéressée à la réunion de présentation et d’information sur la nouvelle loi relative au patrimoine culturel qui aura lieu le 15 mars à 19.00 hrs au CAPE &#8211; Centre des Arts Pluriels Ettelbruck.   Si vous souhaitez participer à l’une des réunions, [&hellip;]</p>
