{"id":2815,"date":"2024-09-03T10:25:08","date_gmt":"2024-09-03T08:25:08","guid":{"rendered":"https:\/\/ettelbruck.lu\/?post_type=events&#038;p=2815"},"modified":"2024-09-03T10:29:56","modified_gmt":"2024-09-03T08:29:56","slug":"dfaarwemonster","status":"publish","type":"events","link":"https:\/\/ettelbruck.lu\/en\/events\/dfaarwemonster\/","title":{"rendered":"D&#8217;Faarwemonster"},"content":{"rendered":"<p class=\"qtranxs-available-languages-message qtranxs-available-languages-message-en\">Sorry, this entry is only available in <a href=\"https:\/\/ettelbruck.lu\/fr\/wp-json\/wp\/v2\/events\/2815\" class=\"qtranxs-available-language-link qtranxs-available-language-link-fr\" title=\"Fran\u00e7ais\">French<\/a>.<\/p><p>Les couleurs sont sens dessus dessous : le rouge se m\u00e9lange au jaune, le bleu se fond dans le vert. Les nuages noirs tourbillonnent et dansent avec les brouillards roses. Le monstre des couleurs est perplexe. Tout est chaotique ! Il ne comprend pas ce qui lui arrive&#8230; Quelles sont ces sensations que je ressens ? Comment puis-je exprimer mes sentiments ? Inspir\u00e9es par le livre La Couleur des \u00c9motions d&#8217;Anna Llenas, Jenny Spielmann et Catherine Hengesch ont cr\u00e9\u00e9 un conte visuel et sonore qui plonge les enfants dans le monde des \u00e9motions de mani\u00e8re ludique.<\/p>","protected":false},"excerpt":{"rendered":"<p>Sorry, this entry is only available in French.Les couleurs sont sens dessus dessous : le rouge se m\u00e9lange au jaune, le bleu se fond dans le vert. Les nuages noirs tourbillonnent et dansent avec les brouillards roses. Le monstre des couleurs est perplexe. Tout est chaotique ! Il ne comprend pas ce qui lui arrive&#8230; [&hellip;]<\/p>\n","protected":false},"featured_media":2816,"template":"","acf":[],"_links":{"self":[{"href":"https:\/\/ettelbruck.lu\/en\/wp-json\/wp\/v2\/events\/2815"}],"collection":[{"href":"https:\/\/ettelbruck.lu\/en\/wp-json\/wp\/v2\/events"}],"about":[{"href":"https:\/\/ettelbruck.lu\/en\/wp-json\/wp\/v2\/types\/events"}],"wp:featuredmedia":[{"embeddable":true,"href":"https:\/\/ettelbruck.lu\/en\/wp-json\/wp\/v2\/media\/2816"}],"wp:attachment":[{"href":"https:\/\/ettelbruck.lu\/en\/wp-json\/wp\/v2\/media?parent=2815"}],"curies":[{"name":"wp","href":"https:\/\/api.w.org\/{rel}","templated":true}]}}

<p class="qtranxs-available-languages-message qtranxs-available-languages-message-en">Sorry, this entry is only available in <a href="https://ettelbruck.lu/fr/wp-json/wp/v2/events/2815" class="qtranxs-available-language-link qtranxs-available-language-link-fr" title="Français">French</a>.</p><p>Les couleurs sont sens dessus dessous : le rouge se mélange au jaune, le bleu se fond dans le vert. Les nuages noirs tourbillonnent et dansent avec les brouillards roses. Le monstre des couleurs est perplexe. Tout est chaotique ! Il ne comprend pas ce qui lui arrive&#8230; Quelles sont ces sensations que je ressens ? Comment puis-je exprimer mes sentiments ? Inspirées par le livre La Couleur des Émotions d&#8217;Anna Llenas, Jenny Spielmann et Catherine Hengesch ont créé un conte visuel et sonore qui plonge les enfants dans le monde des émotions de manière ludique.</p>

<p>Sorry, this entry is only available in French.Les couleurs sont sens dessus dessous : le rouge se mélange au jaune, le bleu se fond dans le vert. Les nuages noirs tourbillonnent et dansent avec les brouillards roses. Le monstre des couleurs est perplexe. Tout est chaotique ! Il ne comprend pas ce qui lui arrive&#8230; [&hellip;]</p>
