{"id":2824,"date":"2024-09-03T10:52:19","date_gmt":"2024-09-03T08:52:19","guid":{"rendered":"https:\/\/ettelbruck.lu\/?post_type=events&#038;p=2824"},"modified":"2024-09-03T10:52:56","modified_gmt":"2024-09-03T08:52:56","slug":"casa","status":"publish","type":"events","link":"https:\/\/ettelbruck.lu\/en\/events\/casa\/","title":{"rendered":"Casa"},"content":{"rendered":"<p class=\"qtranxs-available-languages-message qtranxs-available-languages-message-en\">Sorry, this entry is only available in <a href=\"https:\/\/ettelbruck.lu\/fr\/wp-json\/wp\/v2\/events\/2824\" class=\"qtranxs-available-language-link qtranxs-available-language-link-fr\" title=\"Fran\u00e7ais\">French<\/a>.<\/p><p>cAsA?! C\u2019est quoi, une cAsA ? Une maison, avec deux fen\u00eatres et un toit pointu. Et \u00e0 l&#8217;int\u00e9rieur, vivent une, deux, trois ou m\u00eame plusieurs histoires !<br \/>\nUne qui chante, une qui saute et la derni\u00e8re qui se prom\u00e8ne. La porte s&#8217;ouvre et les histoires se pr\u00e9sentent, l\u2019une apr\u00e8s l\u2019autre.<br \/>\nUn spectacle narratif simple et l\u00e9ger, avec des objets, des sons et des chants, pour les tout-petits.<\/p>","protected":false},"excerpt":{"rendered":"<p>Sorry, this entry is only available in French.cAsA?! C\u2019est quoi, une cAsA ? Une maison, avec deux fen\u00eatres et un toit pointu. Et \u00e0 l&#8217;int\u00e9rieur, vivent une, deux, trois ou m\u00eame plusieurs histoires ! Une qui chante, une qui saute et la derni\u00e8re qui se prom\u00e8ne. La porte s&#8217;ouvre et les histoires se pr\u00e9sentent, l\u2019une [&hellip;]<\/p>\n","protected":false},"featured_media":2825,"template":"","acf":[],"_links":{"self":[{"href":"https:\/\/ettelbruck.lu\/en\/wp-json\/wp\/v2\/events\/2824"}],"collection":[{"href":"https:\/\/ettelbruck.lu\/en\/wp-json\/wp\/v2\/events"}],"about":[{"href":"https:\/\/ettelbruck.lu\/en\/wp-json\/wp\/v2\/types\/events"}],"wp:featuredmedia":[{"embeddable":true,"href":"https:\/\/ettelbruck.lu\/en\/wp-json\/wp\/v2\/media\/2825"}],"wp:attachment":[{"href":"https:\/\/ettelbruck.lu\/en\/wp-json\/wp\/v2\/media?parent=2824"}],"curies":[{"name":"wp","href":"https:\/\/api.w.org\/{rel}","templated":true}]}}

<p class="qtranxs-available-languages-message qtranxs-available-languages-message-en">Sorry, this entry is only available in <a href="https://ettelbruck.lu/fr/wp-json/wp/v2/events/2824" class="qtranxs-available-language-link qtranxs-available-language-link-fr" title="Français">French</a>.</p><p>cAsA?! C’est quoi, une cAsA ? Une maison, avec deux fenêtres et un toit pointu. Et à l&#8217;intérieur, vivent une, deux, trois ou même plusieurs histoires !<br />
Une qui chante, une qui saute et la dernière qui se promène. La porte s&#8217;ouvre et les histoires se présentent, l’une après l’autre.<br />
Un spectacle narratif simple et léger, avec des objets, des sons et des chants, pour les tout-petits.</p>

<p>Sorry, this entry is only available in French.cAsA?! C’est quoi, une cAsA ? Une maison, avec deux fenêtres et un toit pointu. Et à l&#8217;intérieur, vivent une, deux, trois ou même plusieurs histoires ! Une qui chante, une qui saute et la dernière qui se promène. La porte s&#8217;ouvre et les histoires se présentent, l’une [&hellip;]</p>
