{"id":2833,"date":"2024-09-03T13:25:59","date_gmt":"2024-09-03T11:25:59","guid":{"rendered":"https:\/\/ettelbruck.lu\/?post_type=events&#038;p=2833"},"modified":"2024-09-03T13:25:59","modified_gmt":"2024-09-03T11:25:59","slug":"nothin-but-the-blues","status":"publish","type":"events","link":"https:\/\/ettelbruck.lu\/en\/events\/nothin-but-the-blues\/","title":{"rendered":"Nothin&#8217; but the Blues"},"content":{"rendered":"<p class=\"qtranxs-available-languages-message qtranxs-available-languages-message-en\">Sorry, this entry is only available in <a href=\"https:\/\/ettelbruck.lu\/fr\/wp-json\/wp\/v2\/events\/2833\" class=\"qtranxs-available-language-link qtranxs-available-language-link-fr\" title=\"Fran\u00e7ais\">French<\/a>.<\/p><p>D\u00e9couvrez ce programme avec des pi\u00e8ces dans la tradition du blues et des th\u00e8mes typiques de ce courant qu\u2019est le blues.<\/p>","protected":false},"excerpt":{"rendered":"<p>Sorry, this entry is only available in French.D\u00e9couvrez ce programme avec des pi\u00e8ces dans la tradition du blues et des th\u00e8mes typiques de ce courant qu\u2019est le blues.<\/p>\n","protected":false},"featured_media":2534,"template":"","acf":[],"_links":{"self":[{"href":"https:\/\/ettelbruck.lu\/en\/wp-json\/wp\/v2\/events\/2833"}],"collection":[{"href":"https:\/\/ettelbruck.lu\/en\/wp-json\/wp\/v2\/events"}],"about":[{"href":"https:\/\/ettelbruck.lu\/en\/wp-json\/wp\/v2\/types\/events"}],"wp:featuredmedia":[{"embeddable":true,"href":"https:\/\/ettelbruck.lu\/en\/wp-json\/wp\/v2\/media\/2534"}],"wp:attachment":[{"href":"https:\/\/ettelbruck.lu\/en\/wp-json\/wp\/v2\/media?parent=2833"}],"curies":[{"name":"wp","href":"https:\/\/api.w.org\/{rel}","templated":true}]}}

<p class="qtranxs-available-languages-message qtranxs-available-languages-message-en">Sorry, this entry is only available in <a href="https://ettelbruck.lu/fr/wp-json/wp/v2/events/2833" class="qtranxs-available-language-link qtranxs-available-language-link-fr" title="Français">French</a>.</p><p>Découvrez ce programme avec des pièces dans la tradition du blues et des thèmes typiques de ce courant qu’est le blues.</p>

<p>Sorry, this entry is only available in French.Découvrez ce programme avec des pièces dans la tradition du blues et des thèmes typiques de ce courant qu’est le blues.</p>
