{"id":2840,"date":"2024-09-03T13:50:32","date_gmt":"2024-09-03T11:50:32","guid":{"rendered":"https:\/\/ettelbruck.lu\/?post_type=events&#038;p=2840"},"modified":"2026-04-10T10:39:02","modified_gmt":"2026-04-10T08:39:02","slug":"portes-ouvertes","status":"publish","type":"events","link":"https:\/\/ettelbruck.lu\/en\/events\/portes-ouvertes\/","title":{"rendered":"Conservatoire du Nord : Portes Ouvertes"},"content":{"rendered":"<p class=\"qtranxs-available-languages-message qtranxs-available-languages-message-en\">Sorry, this entry is only available in <a href=\"https:\/\/ettelbruck.lu\/fr\/wp-json\/wp\/v2\/events\/2840\" class=\"qtranxs-available-language-link qtranxs-available-language-link-fr\" title=\"Fran\u00e7ais\">French<\/a>.<\/p><p>Vous \u00eates passionn\u00e9 de musique, de chant, de danse ou de th\u00e9\u00e2tre ? Vous souhaitez d\u00e9couvrir les diff\u00e9rentes disciplines artistiques propos\u00e9es par le<br \/>\nCMNord ? Alors, ne manquez pas nos Portes Ouvertes, nous sommes impatients de vous accueillir !<\/p>","protected":false},"excerpt":{"rendered":"<p>Sorry, this entry is only available in French.Vous \u00eates passionn\u00e9 de musique, de chant, de danse ou de th\u00e9\u00e2tre ? Vous souhaitez d\u00e9couvrir les diff\u00e9rentes disciplines artistiques propos\u00e9es par le CMNord ? Alors, ne manquez pas nos Portes Ouvertes, nous sommes impatients de vous accueillir !<\/p>\n","protected":false},"featured_media":2534,"template":"","acf":[],"_links":{"self":[{"href":"https:\/\/ettelbruck.lu\/en\/wp-json\/wp\/v2\/events\/2840"}],"collection":[{"href":"https:\/\/ettelbruck.lu\/en\/wp-json\/wp\/v2\/events"}],"about":[{"href":"https:\/\/ettelbruck.lu\/en\/wp-json\/wp\/v2\/types\/events"}],"wp:featuredmedia":[{"embeddable":true,"href":"https:\/\/ettelbruck.lu\/en\/wp-json\/wp\/v2\/media\/2534"}],"wp:attachment":[{"href":"https:\/\/ettelbruck.lu\/en\/wp-json\/wp\/v2\/media?parent=2840"}],"curies":[{"name":"wp","href":"https:\/\/api.w.org\/{rel}","templated":true}]}}

<p class="qtranxs-available-languages-message qtranxs-available-languages-message-en">Sorry, this entry is only available in <a href="https://ettelbruck.lu/fr/wp-json/wp/v2/events/2840" class="qtranxs-available-language-link qtranxs-available-language-link-fr" title="Français">French</a>.</p><p>Vous êtes passionné de musique, de chant, de danse ou de théâtre ? Vous souhaitez découvrir les différentes disciplines artistiques proposées par le<br />
CMNord ? Alors, ne manquez pas nos Portes Ouvertes, nous sommes impatients de vous accueillir !</p>

<p>Sorry, this entry is only available in French.Vous êtes passionné de musique, de chant, de danse ou de théâtre ? Vous souhaitez découvrir les différentes disciplines artistiques proposées par le CMNord ? Alors, ne manquez pas nos Portes Ouvertes, nous sommes impatients de vous accueillir !</p>
