{"id":2919,"date":"2024-11-18T08:33:24","date_gmt":"2024-11-18T07:33:24","guid":{"rendered":"https:\/\/ettelbruck.lu\/?post_type=events&#038;p=2919"},"modified":"2024-11-18T08:33:24","modified_gmt":"2024-11-18T07:33:24","slug":"kaf-lokal-dans-ta-nordstad-2024","status":"publish","type":"events","link":"https:\/\/ettelbruck.lu\/en\/events\/kaf-lokal-dans-ta-nordstad-2024\/","title":{"rendered":"\u00ab Kaf lokal \u00bb dans ta Nordstad 2024"},"content":{"rendered":"<p class=\"qtranxs-available-languages-message qtranxs-available-languages-message-en\">Sorry, this entry is only available in <a href=\"https:\/\/ettelbruck.lu\/fr\/wp-json\/wp\/v2\/events\/2919\" class=\"qtranxs-available-language-link qtranxs-available-language-link-fr\" title=\"Fran\u00e7ais\">French<\/a>.<\/p><p>L&#8217;action \u00ab Kaf lokal an denger Nordstad \u00bb en est \u00e0 sa cinqui\u00e8me \u00e9dition.<\/p>\n<p>Tu peux d\u00e8s maintenant collectionner des autocollants\u00a0<em>Kaf lokal<\/em>\u00a0\u00e0 partir du\u00a0<strong>18<\/strong><strong>\u00a0novembre 2024 jusqu&#8217;au 12 janvier 2025<\/strong>\u00a0pour pouvoir participer au jeu-concours.<\/p>\n<p>\u00c0 la fin du jeu-concours, des bons d&#8217;achat d&#8217;une valeur totale de\u00a0<strong>5.000 \u20ac<\/strong> seront tir\u00e9s au sort.<\/p>\n<p>Plus d&#8217;information <a href=\"https:\/\/www.nordstad.lu\/actualites\/nouvelles\/kaf-lokal-dans-ta-nordstad\/\">ici<\/a><\/p>\n<p><img loading=\"lazy\" decoding=\"async\" class=\"alignnone wp-image-23285 size-large\" src=\"https:\/\/ettelbruck.lu\/citoyen\/wp-content\/uploads\/sites\/2\/2024\/11\/KafLokal_2024_DOOH_1920x1080-1024x576.png\" alt=\"\" width=\"640\" height=\"360\" \/><\/p>","protected":false},"excerpt":{"rendered":"<p>Sorry, this entry is only available in French.L&#8217;action \u00ab Kaf lokal an denger Nordstad \u00bb en est \u00e0 sa cinqui\u00e8me \u00e9dition. Tu peux d\u00e8s maintenant collectionner des autocollants\u00a0Kaf lokal\u00a0\u00e0 partir du\u00a018\u00a0novembre 2024 jusqu&#8217;au 12 janvier 2025\u00a0pour pouvoir participer au jeu-concours. \u00c0 la fin du jeu-concours, des bons d&#8217;achat d&#8217;une valeur totale de\u00a05.000 \u20ac seront tir\u00e9s [&hellip;]<\/p>\n","protected":false},"featured_media":1418,"template":"","acf":[],"_links":{"self":[{"href":"https:\/\/ettelbruck.lu\/en\/wp-json\/wp\/v2\/events\/2919"}],"collection":[{"href":"https:\/\/ettelbruck.lu\/en\/wp-json\/wp\/v2\/events"}],"about":[{"href":"https:\/\/ettelbruck.lu\/en\/wp-json\/wp\/v2\/types\/events"}],"wp:featuredmedia":[{"embeddable":true,"href":"https:\/\/ettelbruck.lu\/en\/wp-json\/wp\/v2\/media\/1418"}],"wp:attachment":[{"href":"https:\/\/ettelbruck.lu\/en\/wp-json\/wp\/v2\/media?parent=2919"}],"curies":[{"name":"wp","href":"https:\/\/api.w.org\/{rel}","templated":true}]}}

<p class="qtranxs-available-languages-message qtranxs-available-languages-message-en">Sorry, this entry is only available in <a href="https://ettelbruck.lu/fr/wp-json/wp/v2/events/2919" class="qtranxs-available-language-link qtranxs-available-language-link-fr" title="Français">French</a>.</p><p>L&#8217;action « Kaf lokal an denger Nordstad » en est à sa cinquième édition.</p>
<p>Tu peux dès maintenant collectionner des autocollants <em>Kaf lokal</em> à partir du <strong>18</strong><strong> novembre 2024 jusqu&#8217;au 12 janvier 2025</strong> pour pouvoir participer au jeu-concours.</p>
<p>À la fin du jeu-concours, des bons d&#8217;achat d&#8217;une valeur totale de <strong>5.000 €</strong> seront tirés au sort.</p>
<p>Plus d&#8217;information <a href="https://www.nordstad.lu/actualites/nouvelles/kaf-lokal-dans-ta-nordstad/">ici</a></p>
<p><img loading="lazy" decoding="async" class="alignnone wp-image-23285 size-large" src="https://ettelbruck.lu/citoyen/wp-content/uploads/sites/2/2024/11/KafLokal_2024_DOOH_1920x1080-1024x576.png" alt="" width="640" height="360" /></p>

<p>Sorry, this entry is only available in French.L&#8217;action « Kaf lokal an denger Nordstad » en est à sa cinquième édition. Tu peux dès maintenant collectionner des autocollants Kaf lokal à partir du 18 novembre 2024 jusqu&#8217;au 12 janvier 2025 pour pouvoir participer au jeu-concours. À la fin du jeu-concours, des bons d&#8217;achat d&#8217;une valeur totale de 5.000 € seront tirés [&hellip;]</p>
