{"id":2928,"date":"2024-11-22T11:02:04","date_gmt":"2024-11-22T10:02:04","guid":{"rendered":"https:\/\/ettelbruck.lu\/?post_type=events&#038;p=2928"},"modified":"2025-11-28T16:32:52","modified_gmt":"2025-11-28T15:32:52","slug":"collecte-mobile-de-la-superdreckskescht","status":"publish","type":"events","link":"https:\/\/ettelbruck.lu\/en\/events\/collecte-mobile-de-la-superdreckskescht\/","title":{"rendered":"Collecte mobile de la &#8220;SuperDrecksK\u00ebscht&#8221;"},"content":{"rendered":"<p class=\"qtranxs-available-languages-message qtranxs-available-languages-message-en\">Sorry, this entry is only available in <a href=\"https:\/\/ettelbruck.lu\/fr\/wp-json\/wp\/v2\/events\/2928\" class=\"qtranxs-available-language-link qtranxs-available-language-link-fr\" title=\"Fran\u00e7ais\">French<\/a>.<\/p><p>Des <strong data-initial-font-size=\"16\">collectes mobiles<\/strong> ont lieu <strong data-initial-font-size=\"16\">4 fois par an<\/strong> dans chaque commune \u2013 \u00e0 Ettelbruck, ceci a lieu devant le stade du Deich.<\/p>\n<p>Vous pouvez \u00e9galement recourir au service de collecte du <strong data-initial-font-size=\"16\"><em data-initial-font-size=\"16\">SuperDrecksK\u00ebscht\u00ae fir Bierger<\/em><\/strong> si vous avez de grandes quantit\u00e9s de substances probl\u00e9matiques, par ex., lors de d\u00e9m\u00e9nagements ou de vide-greniers, via <a href=\"mailto:info@sdk.lu\" target=\"_blank\" rel=\"noreferrer noopener\" data-initial-font-size=\"16\">info@sdk.lu<\/a>.<\/p>","protected":false},"excerpt":{"rendered":"<p>Sorry, this entry is only available in French.Des collectes mobiles ont lieu 4 fois par an dans chaque commune \u2013 \u00e0 Ettelbruck, ceci a lieu devant le stade du Deich. Vous pouvez \u00e9galement recourir au service de collecte du SuperDrecksK\u00ebscht\u00ae fir Bierger si vous avez de grandes quantit\u00e9s de substances probl\u00e9matiques, par ex., lors de [&hellip;]<\/p>\n","protected":false},"featured_media":2929,"template":"","acf":[],"_links":{"self":[{"href":"https:\/\/ettelbruck.lu\/en\/wp-json\/wp\/v2\/events\/2928"}],"collection":[{"href":"https:\/\/ettelbruck.lu\/en\/wp-json\/wp\/v2\/events"}],"about":[{"href":"https:\/\/ettelbruck.lu\/en\/wp-json\/wp\/v2\/types\/events"}],"wp:featuredmedia":[{"embeddable":true,"href":"https:\/\/ettelbruck.lu\/en\/wp-json\/wp\/v2\/media\/2929"}],"wp:attachment":[{"href":"https:\/\/ettelbruck.lu\/en\/wp-json\/wp\/v2\/media?parent=2928"}],"curies":[{"name":"wp","href":"https:\/\/api.w.org\/{rel}","templated":true}]}}

Collecte mobile de la &#8220;SuperDrecksKëscht&#8221;

<p class="qtranxs-available-languages-message qtranxs-available-languages-message-en">Sorry, this entry is only available in <a href="https://ettelbruck.lu/fr/wp-json/wp/v2/events/2928" class="qtranxs-available-language-link qtranxs-available-language-link-fr" title="Français">French</a>.</p><p>Des <strong data-initial-font-size="16">collectes mobiles</strong> ont lieu <strong data-initial-font-size="16">4 fois par an</strong> dans chaque commune – à Ettelbruck, ceci a lieu devant le stade du Deich.</p>
<p>Vous pouvez également recourir au service de collecte du <strong data-initial-font-size="16"><em data-initial-font-size="16">SuperDrecksKëscht® fir Bierger</em></strong> si vous avez de grandes quantités de substances problématiques, par ex., lors de déménagements ou de vide-greniers, via <a href="mailto:info@sdk.lu" target="_blank" rel="noreferrer noopener" data-initial-font-size="16">info@sdk.lu</a>.</p>

<p>Sorry, this entry is only available in French.Des collectes mobiles ont lieu 4 fois par an dans chaque commune – à Ettelbruck, ceci a lieu devant le stade du Deich. Vous pouvez également recourir au service de collecte du SuperDrecksKëscht® fir Bierger si vous avez de grandes quantités de substances problématiques, par ex., lors de [&hellip;]</p>
