{"id":3011,"date":"2025-03-17T09:37:00","date_gmt":"2025-03-17T08:37:00","guid":{"rendered":"https:\/\/ettelbruck.lu\/?post_type=events&#038;p=3011"},"modified":"2025-03-17T09:37:00","modified_gmt":"2025-03-17T08:37:00","slug":"liesung-an-der-sandkescht","status":"publish","type":"events","link":"https:\/\/ettelbruck.lu\/en\/events\/liesung-an-der-sandkescht\/","title":{"rendered":"Liesung an der Sandk\u00ebscht"},"content":{"rendered":"<p class=\"qtranxs-available-languages-message qtranxs-available-languages-message-en\">Sorry, this entry is only available in <a href=\"https:\/\/ettelbruck.lu\/fr\/wp-json\/wp\/v2\/events\/3011\" class=\"qtranxs-available-language-link qtranxs-available-language-link-fr\" title=\"Fran\u00e7ais\">French<\/a>.<\/p><p>Venez nombreux et laissez-vous enthousiasmer par la lecture pour enfants organis\u00e9e par la <em>Ettelbr\u00e9cker Biblioth\u00e9ik<\/em>. La lecture commencera \u00e0 15.00 hrs.<\/p>\n<p>En cas de beau temps, l&#8217;\u00e9v\u00e9nement se d\u00e9roulera \u00e0 la Sandk\u00ebscht \u00e0 la place Guillaume, sinon il aura lieu \u00e0 la biblioth\u00e8que.<\/p>","protected":false},"excerpt":{"rendered":"<p>Sorry, this entry is only available in French.Venez nombreux et laissez-vous enthousiasmer par la lecture pour enfants organis\u00e9e par la Ettelbr\u00e9cker Biblioth\u00e9ik. La lecture commencera \u00e0 15.00 hrs. En cas de beau temps, l&#8217;\u00e9v\u00e9nement se d\u00e9roulera \u00e0 la Sandk\u00ebscht \u00e0 la place Guillaume, sinon il aura lieu \u00e0 la biblioth\u00e8que.<\/p>\n","protected":false},"featured_media":1667,"template":"","acf":[],"_links":{"self":[{"href":"https:\/\/ettelbruck.lu\/en\/wp-json\/wp\/v2\/events\/3011"}],"collection":[{"href":"https:\/\/ettelbruck.lu\/en\/wp-json\/wp\/v2\/events"}],"about":[{"href":"https:\/\/ettelbruck.lu\/en\/wp-json\/wp\/v2\/types\/events"}],"wp:featuredmedia":[{"embeddable":true,"href":"https:\/\/ettelbruck.lu\/en\/wp-json\/wp\/v2\/media\/1667"}],"wp:attachment":[{"href":"https:\/\/ettelbruck.lu\/en\/wp-json\/wp\/v2\/media?parent=3011"}],"curies":[{"name":"wp","href":"https:\/\/api.w.org\/{rel}","templated":true}]}}

Liesung an der Sandkëscht

<p class="qtranxs-available-languages-message qtranxs-available-languages-message-en">Sorry, this entry is only available in <a href="https://ettelbruck.lu/fr/wp-json/wp/v2/events/3011" class="qtranxs-available-language-link qtranxs-available-language-link-fr" title="Français">French</a>.</p><p>Venez nombreux et laissez-vous enthousiasmer par la lecture pour enfants organisée par la <em>Ettelbrécker Bibliothéik</em>. La lecture commencera à 15.00 hrs.</p>
<p>En cas de beau temps, l&#8217;événement se déroulera à la Sandkëscht à la place Guillaume, sinon il aura lieu à la bibliothèque.</p>

<p>Sorry, this entry is only available in French.Venez nombreux et laissez-vous enthousiasmer par la lecture pour enfants organisée par la Ettelbrécker Bibliothéik. La lecture commencera à 15.00 hrs. En cas de beau temps, l&#8217;événement se déroulera à la Sandkëscht à la place Guillaume, sinon il aura lieu à la bibliothèque.</p>
