{"id":3032,"date":"2025-05-02T09:30:45","date_gmt":"2025-05-02T07:30:45","guid":{"rendered":"https:\/\/ettelbruck.lu\/?post_type=events&#038;p=3032"},"modified":"2025-05-12T09:57:52","modified_gmt":"2025-05-12T07:57:52","slug":"journee-internationale-du-lait","status":"publish","type":"events","link":"https:\/\/ettelbruck.lu\/en\/events\/journee-internationale-du-lait\/","title":{"rendered":"Journ\u00e9e internationale du lait"},"content":{"rendered":"<p class=\"qtranxs-available-languages-message qtranxs-available-languages-message-en\">Sorry, this entry is only available in <a href=\"https:\/\/ettelbruck.lu\/fr\/wp-json\/wp\/v2\/events\/3032\" class=\"qtranxs-available-language-link qtranxs-available-language-link-fr\" title=\"Fran\u00e7ais\">French<\/a>.<\/p><p>Le 1er juin 2025, la LUGA Nordstad c\u00e9l\u00e8bre la Journ\u00e9e Internationale du Lait en partenariat avec les acteurs du secteur laiti\u00e8re.<\/p>\n<div>\n<p>Des vaches laiti\u00e8res seront exceptionnellement pr\u00e9sentes au D\u00e4ichwisen \u00e0 Ettelbruck, offrant aux visiteurs une immersion unique dans le monde de la production laiti\u00e8re au Luxembourg. Tout au long de la journ\u00e9e, des d\u00e9monstrations, rencontres avec les professionnels du secteur et animations p\u00e9dagogiques permettront de mieux comprendre le parcours du lait, de la traite \u00e0 la transformation. Une exp\u00e9rience enrichissante et interactive pour toute la famille.<\/p>\n<p>Participez \u00e0 des ateliers pour enfants<em> l\u2019herbe devient du lait<\/em>, \u00e0 des ateliers de cuisine, ou d\u00e9gustez simplement des produits locaux dans un cadre authentique et chaleureux, au c\u0153ur des d\u00e9monstrations de cultures agricoles, entour\u00e9s des animaux et de ceux qui en prennent soin.<\/p>\n<\/div>\n<p>Rendez-vous aux plaines du Deich sur le terrain &#8220;Broqueville&#8221; en empruntant le pont flottant pr\u00e8s du terrain pour chiens.<\/p>","protected":false},"excerpt":{"rendered":"<p>Sorry, this entry is only available in French.Le 1er juin 2025, la LUGA Nordstad c\u00e9l\u00e8bre la Journ\u00e9e Internationale du Lait en partenariat avec les acteurs du secteur laiti\u00e8re. Des vaches laiti\u00e8res seront exceptionnellement pr\u00e9sentes au D\u00e4ichwisen \u00e0 Ettelbruck, offrant aux visiteurs une immersion unique dans le monde de la production laiti\u00e8re au Luxembourg. Tout au [&hellip;]<\/p>\n","protected":false},"featured_media":3033,"template":"","acf":[],"_links":{"self":[{"href":"https:\/\/ettelbruck.lu\/en\/wp-json\/wp\/v2\/events\/3032"}],"collection":[{"href":"https:\/\/ettelbruck.lu\/en\/wp-json\/wp\/v2\/events"}],"about":[{"href":"https:\/\/ettelbruck.lu\/en\/wp-json\/wp\/v2\/types\/events"}],"wp:featuredmedia":[{"embeddable":true,"href":"https:\/\/ettelbruck.lu\/en\/wp-json\/wp\/v2\/media\/3033"}],"wp:attachment":[{"href":"https:\/\/ettelbruck.lu\/en\/wp-json\/wp\/v2\/media?parent=3032"}],"curies":[{"name":"wp","href":"https:\/\/api.w.org\/{rel}","templated":true}]}}

Journée internationale du lait

<p class="qtranxs-available-languages-message qtranxs-available-languages-message-en">Sorry, this entry is only available in <a href="https://ettelbruck.lu/fr/wp-json/wp/v2/events/3032" class="qtranxs-available-language-link qtranxs-available-language-link-fr" title="Français">French</a>.</p><p>Le 1er juin 2025, la LUGA Nordstad célèbre la Journée Internationale du Lait en partenariat avec les acteurs du secteur laitière.</p>
<div>
<p>Des vaches laitières seront exceptionnellement présentes au Däichwisen à Ettelbruck, offrant aux visiteurs une immersion unique dans le monde de la production laitière au Luxembourg. Tout au long de la journée, des démonstrations, rencontres avec les professionnels du secteur et animations pédagogiques permettront de mieux comprendre le parcours du lait, de la traite à la transformation. Une expérience enrichissante et interactive pour toute la famille.</p>
<p>Participez à des ateliers pour enfants<em> l’herbe devient du lait</em>, à des ateliers de cuisine, ou dégustez simplement des produits locaux dans un cadre authentique et chaleureux, au cœur des démonstrations de cultures agricoles, entourés des animaux et de ceux qui en prennent soin.</p>
</div>
<p>Rendez-vous aux plaines du Deich sur le terrain &#8220;Broqueville&#8221; en empruntant le pont flottant près du terrain pour chiens.</p>

<p>Sorry, this entry is only available in French.Le 1er juin 2025, la LUGA Nordstad célèbre la Journée Internationale du Lait en partenariat avec les acteurs du secteur laitière. Des vaches laitières seront exceptionnellement présentes au Däichwisen à Ettelbruck, offrant aux visiteurs une immersion unique dans le monde de la production laitière au Luxembourg. Tout au [&hellip;]</p>
