{"id":3042,"date":"2025-05-05T10:00:46","date_gmt":"2025-05-05T08:00:46","guid":{"rendered":"https:\/\/ettelbruck.lu\/?post_type=events&#038;p=3042"},"modified":"2025-05-05T10:03:01","modified_gmt":"2025-05-05T08:03:01","slug":"conference-la-securite-dans-mon-assiette","status":"publish","type":"events","link":"https:\/\/ettelbruck.lu\/en\/events\/conference-la-securite-dans-mon-assiette\/","title":{"rendered":"Conf\u00e9rence : La s\u00e9curit\u00e9 dans mon assiette"},"content":{"rendered":"<p class=\"qtranxs-available-languages-message qtranxs-available-languages-message-en\">Sorry, this entry is only available in <a href=\"https:\/\/ettelbruck.lu\/fr\/wp-json\/wp\/v2\/events\/3042\" class=\"qtranxs-available-language-link qtranxs-available-language-link-fr\" title=\"Fran\u00e7ais\">French<\/a>.<\/p><p>L&#8217;ALVA vous invite \u00e0 sa conf\u00e9rence annuelle : \u00ab La s\u00e9curit\u00e9 dans mon assiette \u00bb. D\u00e9couvrez les diff\u00e9rents niveaux de contr\u00f4le effectu\u00e9s par les autorit\u00e9s et les entreprises pour garantir la s\u00e9curit\u00e9 de vos aliments. Un \u00e9v\u00e9nement pour mieux comprendre les coulisses de la s\u00e9curit\u00e9 alimentaire!<\/p>\n<p>L\u2019Administration luxembourgeoise v\u00e9t\u00e9rinaire et alimentaire (ALVA) en tant que Point Focal de l\u2019EFSA (Autorit\u00e9 europ\u00e9enne de s\u00e9curit\u00e9 des aliments) a le plaisir de vous inviter \u00e0 la conf\u00e9rence \u00ab la s\u00e9curit\u00e9 dans mon assiette \u00bb organis\u00e9e dans le cadre de la Journ\u00e9e internationale de la s\u00e9curit\u00e9 sanitaire des aliments. La conf\u00e9rence aura lieu mardi le 10 juin 2024 au CAPE (1 Pl. Marie-Ad\u00e9la\u00efde, 9063 Ettelbruck) et expliquera les diff\u00e9rents niveaux de contr\u00f4les de la cha\u00eene alimentaire.<\/p>\n<p>17h00 \u2013 Accueil et inscription<\/p>\n<p>17h30 \u2013 Conf\u00e9rence avec mot de bienvenue de la ministre de l\u2019Agriculture, de l\u2019Alimentation et de la Viticulture, Martine Hansen.<\/p>\n<p>19h30 \u2013 Meet &amp; Eat<\/p>\n<p>La conf\u00e9rence est multilingue et traduite en fran\u00e7ais.<br \/>\nPlus d\u2019informations sur: www.securite-alimentaire.lu<\/p>\n<p><a href=\"https:\/\/etat.emfro.lu\/s3\/La-securite-dans-mon-assiette-2025\">L\u2019inscription est \u00e0 faire jusqu\u2019au 31 mai 2024 via ce lien<\/a>. Cette conf\u00e9rence est organis\u00e9e avec le support de la Chambre des m\u00e9tier, la Chambre de commerce, la FEDIL et la Luxembourg Confederation.<\/p>","protected":false},"excerpt":{"rendered":"<p>Sorry, this entry is only available in French.L&#8217;ALVA vous invite \u00e0 sa conf\u00e9rence annuelle : \u00ab La s\u00e9curit\u00e9 dans mon assiette \u00bb. D\u00e9couvrez les diff\u00e9rents niveaux de contr\u00f4le effectu\u00e9s par les autorit\u00e9s et les entreprises pour garantir la s\u00e9curit\u00e9 de vos aliments. Un \u00e9v\u00e9nement pour mieux comprendre les coulisses de la s\u00e9curit\u00e9 alimentaire! L\u2019Administration luxembourgeoise [&hellip;]<\/p>\n","protected":false},"featured_media":0,"template":"","acf":[],"_links":{"self":[{"href":"https:\/\/ettelbruck.lu\/en\/wp-json\/wp\/v2\/events\/3042"}],"collection":[{"href":"https:\/\/ettelbruck.lu\/en\/wp-json\/wp\/v2\/events"}],"about":[{"href":"https:\/\/ettelbruck.lu\/en\/wp-json\/wp\/v2\/types\/events"}],"wp:attachment":[{"href":"https:\/\/ettelbruck.lu\/en\/wp-json\/wp\/v2\/media?parent=3042"}],"curies":[{"name":"wp","href":"https:\/\/api.w.org\/{rel}","templated":true}]}}

Conférence : La sécurité dans mon assiette

<p class="qtranxs-available-languages-message qtranxs-available-languages-message-en">Sorry, this entry is only available in <a href="https://ettelbruck.lu/fr/wp-json/wp/v2/events/3042" class="qtranxs-available-language-link qtranxs-available-language-link-fr" title="Français">French</a>.</p><p>L&#8217;ALVA vous invite à sa conférence annuelle : « La sécurité dans mon assiette ». Découvrez les différents niveaux de contrôle effectués par les autorités et les entreprises pour garantir la sécurité de vos aliments. Un événement pour mieux comprendre les coulisses de la sécurité alimentaire!</p>
<p>L’Administration luxembourgeoise vétérinaire et alimentaire (ALVA) en tant que Point Focal de l’EFSA (Autorité européenne de sécurité des aliments) a le plaisir de vous inviter à la conférence « la sécurité dans mon assiette » organisée dans le cadre de la Journée internationale de la sécurité sanitaire des aliments. La conférence aura lieu mardi le 10 juin 2024 au CAPE (1 Pl. Marie-Adélaïde, 9063 Ettelbruck) et expliquera les différents niveaux de contrôles de la chaîne alimentaire.</p>
<p>17h00 – Accueil et inscription</p>
<p>17h30 – Conférence avec mot de bienvenue de la ministre de l’Agriculture, de l’Alimentation et de la Viticulture, Martine Hansen.</p>
<p>19h30 – Meet &amp; Eat</p>
<p>La conférence est multilingue et traduite en français.<br />
Plus d’informations sur: www.securite-alimentaire.lu</p>
<p><a href="https://etat.emfro.lu/s3/La-securite-dans-mon-assiette-2025">L’inscription est à faire jusqu’au 31 mai 2024 via ce lien</a>. Cette conférence est organisée avec le support de la Chambre des métier, la Chambre de commerce, la FEDIL et la Luxembourg Confederation.</p>

<p>Sorry, this entry is only available in French.L&#8217;ALVA vous invite à sa conférence annuelle : « La sécurité dans mon assiette ». Découvrez les différents niveaux de contrôle effectués par les autorités et les entreprises pour garantir la sécurité de vos aliments. Un événement pour mieux comprendre les coulisses de la sécurité alimentaire! L’Administration luxembourgeoise [&hellip;]</p>
