{"id":3048,"date":"2025-05-05T16:18:42","date_gmt":"2025-05-05T14:18:42","guid":{"rendered":"https:\/\/ettelbruck.lu\/?post_type=events&#038;p=3048"},"modified":"2025-05-05T16:18:42","modified_gmt":"2025-05-05T14:18:42","slug":"stand-informatif-mai-wellen-mai-wee","status":"publish","type":"events","link":"https:\/\/ettelbruck.lu\/en\/events\/stand-informatif-mai-wellen-mai-wee\/","title":{"rendered":"Stand informatif: M\u00e4i W\u00ebllen, M\u00e4i Wee"},"content":{"rendered":"<p class=\"qtranxs-available-languages-message qtranxs-available-languages-message-en\">Sorry, this entry is only available in <a href=\"https:\/\/ettelbruck.lu\/fr\/wp-json\/wp\/v2\/events\/3048\" class=\"qtranxs-available-language-link qtranxs-available-language-link-fr\" title=\"Fran\u00e7ais\">French<\/a>.<\/p><p><img loading=\"lazy\" decoding=\"async\" class=\"aligncenter wp-image-3049 size-large\" src=\"https:\/\/ettelbruck.lu\/wp-content\/uploads\/2025\/05\/Affiche-stand-Ettelbruck_02.06.25-002-1024x724.png\" alt=\"\" width=\"640\" height=\"453\" srcset=\"https:\/\/ettelbruck.lu\/wp-content\/uploads\/2025\/05\/Affiche-stand-Ettelbruck_02.06.25-002-1024x724.png 1024w, https:\/\/ettelbruck.lu\/wp-content\/uploads\/2025\/05\/Affiche-stand-Ettelbruck_02.06.25-002-300x212.png 300w, https:\/\/ettelbruck.lu\/wp-content\/uploads\/2025\/05\/Affiche-stand-Ettelbruck_02.06.25-002-768x543.png 768w, https:\/\/ettelbruck.lu\/wp-content\/uploads\/2025\/05\/Affiche-stand-Ettelbruck_02.06.25-002-1536x1086.png 1536w, https:\/\/ettelbruck.lu\/wp-content\/uploads\/2025\/05\/Affiche-stand-Ettelbruck_02.06.25-002-2048x1448.png 2048w\" sizes=\"(max-width: 640px) 100vw, 640px\" \/><\/p>","protected":false},"excerpt":{"rendered":"<p>Sorry, this entry is only available in French.<\/p>\n","protected":false},"featured_media":0,"template":"","acf":[],"_links":{"self":[{"href":"https:\/\/ettelbruck.lu\/en\/wp-json\/wp\/v2\/events\/3048"}],"collection":[{"href":"https:\/\/ettelbruck.lu\/en\/wp-json\/wp\/v2\/events"}],"about":[{"href":"https:\/\/ettelbruck.lu\/en\/wp-json\/wp\/v2\/types\/events"}],"wp:attachment":[{"href":"https:\/\/ettelbruck.lu\/en\/wp-json\/wp\/v2\/media?parent=3048"}],"curies":[{"name":"wp","href":"https:\/\/api.w.org\/{rel}","templated":true}]}}

Stand informatif: Mäi Wëllen, Mäi Wee

<p class="qtranxs-available-languages-message qtranxs-available-languages-message-en">Sorry, this entry is only available in <a href="https://ettelbruck.lu/fr/wp-json/wp/v2/events/3048" class="qtranxs-available-language-link qtranxs-available-language-link-fr" title="Français">French</a>.</p><p><img loading="lazy" decoding="async" class="aligncenter wp-image-3049 size-large" src="https://ettelbruck.lu/wp-content/uploads/2025/05/Affiche-stand-Ettelbruck_02.06.25-002-1024x724.png" alt="" width="640" height="453" srcset="https://ettelbruck.lu/wp-content/uploads/2025/05/Affiche-stand-Ettelbruck_02.06.25-002-1024x724.png 1024w, https://ettelbruck.lu/wp-content/uploads/2025/05/Affiche-stand-Ettelbruck_02.06.25-002-300x212.png 300w, https://ettelbruck.lu/wp-content/uploads/2025/05/Affiche-stand-Ettelbruck_02.06.25-002-768x543.png 768w, https://ettelbruck.lu/wp-content/uploads/2025/05/Affiche-stand-Ettelbruck_02.06.25-002-1536x1086.png 1536w, https://ettelbruck.lu/wp-content/uploads/2025/05/Affiche-stand-Ettelbruck_02.06.25-002-2048x1448.png 2048w" sizes="(max-width: 640px) 100vw, 640px" /></p>
