{"id":3084,"date":"2025-06-19T08:30:06","date_gmt":"2025-06-19T06:30:06","guid":{"rendered":"https:\/\/ettelbruck.lu\/?post_type=events&#038;p=3084"},"modified":"2025-12-10T11:25:32","modified_gmt":"2025-12-10T10:25:32","slug":"seance-du-conseil-communal-23","status":"publish","type":"events","link":"https:\/\/ettelbruck.lu\/en\/events\/seance-du-conseil-communal-23\/","title":{"rendered":"S\u00e9ance du conseil communal"},"content":{"rendered":"<p class=\"qtranxs-available-languages-message qtranxs-available-languages-message-en\">Sorry, this entry is only available in <a href=\"https:\/\/ettelbruck.lu\/fr\/wp-json\/wp\/v2\/events\/3084\" class=\"qtranxs-available-language-link qtranxs-available-language-link-fr\" title=\"Fran\u00e7ais\">French<\/a>.<\/p><p><strong><u>O R D R E\u00a0\u00a0 D U\u00a0\u00a0 J O U R <\/u><\/strong><\/p>\n<p><strong><u>S\u00e9ance publique<\/u><\/strong><\/p>\n<p>&nbsp;<\/p>\n<p><strong>1. Approbation et signature du registre aux d\u00e9lib\u00e9rations de la derni\u00e8re s\u00e9ance du 17 novembre 2025 <\/strong><\/p>\n<p>&nbsp;<\/p>\n<p><strong>2. For\u00eats et Am\u00e9nagement et territoire <\/strong><\/p>\n<p>2.1\u00a0\u00a0\u00a0 Plan d\u2019am\u00e9nagement de la for\u00eat communale\u00a0: pr\u00e9sent\u00e9 par MM. Kim Speidel, garde-forestier et Georges Kugener, service des for\u00eats, Administration de la nature et des for\u00eats<\/p>\n<p>&nbsp;<\/p>\n<p><strong>3. Actes, compromis, contrats, conventions et statuts<\/strong><\/p>\n<ul>\n<li style=\"list-style-type: none;\">\n<ul>\n<li>Parking couvert \u00ab\u00a0Am D\u00e4ich\u00a0\u00bb &#8211; contrats pour emplacements de stationnement r\u00e9serv\u00e9s<\/li>\n<li>Convention \u00ab\u00a0Natur gen\u00e9issen\u00a0\u00bb (SICONA)<\/li>\n<li>Convention de collaboration avec asbl CAPe (support informatique)<\/li>\n<li>Acte galerie commerciale local (M. Martin)<\/li>\n<li>Acte galerie commerciale local (anc Arendt et fils, acte avec curateur Me Steinmetz)<\/li>\n<li>Acte terrain \u00ab\u00a0Grondwee\/Boeschel\u00a0\u00bb, famille Hentges<\/li>\n<\/ul>\n<\/li>\n<\/ul>\n<p>&nbsp;<\/p>\n<p><strong>4. Devis, modifications budg\u00e9taires, affaires financi\u00e8res et d\u00e9comptes<\/strong><\/p>\n<p>4.1\u00a0\u00a0\u00a0 Devis\u00a0: Travaux de r\u00e9novation \u2013 quatre terrains de tennis<\/p>\n<p>&nbsp;<\/p>\n<p><strong>5. R\u00e8glements de circulation<\/strong><\/p>\n<p>5.1\u00a0\u00a0\u00a0 Avenant au r\u00e8glement de circulation\u00a0: rue Jean-Pierre Zinnen et rue Prince Jean<\/p>\n<p>&nbsp;<\/p>\n<p><strong>6. R\u00e8glements communaux<\/strong><\/p>\n<p>6.1\u00a0\u00a0\u00a0 R\u00e8glement-taxe\u00a0: cr\u00e9ation des taxes pour la location de l\u2019\u00e9cran g\u00e9ant mobile<\/p>\n<p>6.2\u00a0\u00a0\u00a0 R\u00e8glement-taxe\u00a0: adaptation des taxes au chapitre 11 &#8211; Electricit\u00e9<\/p>\n<p><strong>\u00a0<\/strong><\/p>\n<p><strong>7. Office social Nordstad <\/strong><strong>\u2013 vote collectif<\/strong><\/p>\n<p>7.1\u00a0\u00a0\u00a0 Engagement d\u2019un assistant social \u00e0 dur\u00e9e d\u00e9termin\u00e9e<\/p>\n<p>7.2\u00a0\u00a0\u00a0 Engagement d\u2019un autre assistant social \u00e0 dur\u00e9e d\u00e9termin\u00e9e<\/p>\n<p>7.3\u00a0\u00a0\u00a0 Octroi d\u2019un cong\u00e9 sans traitement \u00e0 une employ\u00e9e communale<\/p>\n<p>&nbsp;<\/p>\n<p><strong>8. Affaires de personnel<\/strong><\/p>\n<p>8.1\u00a0\u00a0\u00a0 Conversion de 3 postes de salari\u00e9s \u00e0 t\u00e2che manuelle de la carri\u00e8re C\/D en postes de la carri\u00e8re E<\/p>\n<p>8.2\u00a0\u00a0\u00a0 Cr\u00e9ation d\u2019un poste de salari\u00e9 \u00e0 t\u00e2che intellectuelle pour les besoins du service \u00ab\u00a0s\u00e9curit\u00e9 et pr\u00e9vention\u00a0\u00bb<\/p>\n<p>8.3\u00a0\u00a0\u00a0 Cr\u00e9ation d\u2019un poste de fonctionnaire communal du groupe de traitement B1, sous-groupe administratif, pour les besoins du service scolaire<\/p>\n<p>&nbsp;<\/p>\n<p><strong>9. Divers<\/strong><\/p>\n<ul>\n<li style=\"list-style-type: none;\">\n<ul>\n<li>Subsides ordinaires aux associations \u2013 2<sup>e<\/sup> liste<\/li>\n<li>Aide humanitaire \u00ab SOS villages d\u2019enfants monde \u00bb<\/li>\n<li>Rapports des d\u00e9l\u00e9gu\u00e9s du conseil communal dans les syndicats intercommunaux<\/li>\n<\/ul>\n<\/li>\n<\/ul>\n<p><\/p>","protected":false},"excerpt":{"rendered":"<p>Sorry, this entry is only available in French.O R D R E\u00a0\u00a0 D U\u00a0\u00a0 J O U R S\u00e9ance publique &nbsp; 1. Approbation et signature du registre aux d\u00e9lib\u00e9rations de la derni\u00e8re s\u00e9ance du 17 novembre 2025 &nbsp; 2. For\u00eats et Am\u00e9nagement et territoire 2.1\u00a0\u00a0\u00a0 Plan d\u2019am\u00e9nagement de la for\u00eat communale\u00a0: pr\u00e9sent\u00e9 par MM. Kim [&hellip;]<\/p>\n","protected":false},"featured_media":2997,"template":"","acf":[],"_links":{"self":[{"href":"https:\/\/ettelbruck.lu\/en\/wp-json\/wp\/v2\/events\/3084"}],"collection":[{"href":"https:\/\/ettelbruck.lu\/en\/wp-json\/wp\/v2\/events"}],"about":[{"href":"https:\/\/ettelbruck.lu\/en\/wp-json\/wp\/v2\/types\/events"}],"wp:featuredmedia":[{"embeddable":true,"href":"https:\/\/ettelbruck.lu\/en\/wp-json\/wp\/v2\/media\/2997"}],"wp:attachment":[{"href":"https:\/\/ettelbruck.lu\/en\/wp-json\/wp\/v2\/media?parent=3084"}],"curies":[{"name":"wp","href":"https:\/\/api.w.org\/{rel}","templated":true}]}}

Séance du conseil communal

<p class="qtranxs-available-languages-message qtranxs-available-languages-message-en">Sorry, this entry is only available in <a href="https://ettelbruck.lu/fr/wp-json/wp/v2/events/3084" class="qtranxs-available-language-link qtranxs-available-language-link-fr" title="Français">French</a>.</p><p><strong><u>O R D R E   D U   J O U R </u></strong></p>
<p><strong><u>Séance publique</u></strong></p>
<p>&nbsp;</p>
<p><strong>1. Approbation et signature du registre aux délibérations de la dernière séance du 17 novembre 2025 </strong></p>
<p>&nbsp;</p>
<p><strong>2. Forêts et Aménagement et territoire </strong></p>
<p>2.1    Plan d’aménagement de la forêt communale : présenté par MM. Kim Speidel, garde-forestier et Georges Kugener, service des forêts, Administration de la nature et des forêts</p>
<p>&nbsp;</p>
<p><strong>3. Actes, compromis, contrats, conventions et statuts</strong></p>
<ul>
<li style="list-style-type: none;">
<ul>
<li>Parking couvert « Am Däich » &#8211; contrats pour emplacements de stationnement réservés</li>
<li>Convention « Natur genéissen » (SICONA)</li>
<li>Convention de collaboration avec asbl CAPe (support informatique)</li>
<li>Acte galerie commerciale local (M. Martin)</li>
<li>Acte galerie commerciale local (anc Arendt et fils, acte avec curateur Me Steinmetz)</li>
<li>Acte terrain « Grondwee/Boeschel », famille Hentges</li>
</ul>
</li>
</ul>
<p>&nbsp;</p>
<p><strong>4. Devis, modifications budgétaires, affaires financières et décomptes</strong></p>
<p>4.1    Devis : Travaux de rénovation – quatre terrains de tennis</p>
<p>&nbsp;</p>
<p><strong>5. Règlements de circulation</strong></p>
<p>5.1    Avenant au règlement de circulation : rue Jean-Pierre Zinnen et rue Prince Jean</p>
<p>&nbsp;</p>
<p><strong>6. Règlements communaux</strong></p>
<p>6.1    Règlement-taxe : création des taxes pour la location de l’écran géant mobile</p>
<p>6.2    Règlement-taxe : adaptation des taxes au chapitre 11 &#8211; Electricité</p>
<p><strong> </strong></p>
<p><strong>7. Office social Nordstad </strong><strong>– vote collectif</strong></p>
<p>7.1    Engagement d’un assistant social à durée déterminée</p>
<p>7.2    Engagement d’un autre assistant social à durée déterminée</p>
<p>7.3    Octroi d’un congé sans traitement à une employée communale</p>
<p>&nbsp;</p>
<p><strong>8. Affaires de personnel</strong></p>
<p>8.1    Conversion de 3 postes de salariés à tâche manuelle de la carrière C/D en postes de la carrière E</p>
<p>8.2    Création d’un poste de salarié à tâche intellectuelle pour les besoins du service « sécurité et prévention »</p>
<p>8.3    Création d’un poste de fonctionnaire communal du groupe de traitement B1, sous-groupe administratif, pour les besoins du service scolaire</p>
<p>&nbsp;</p>
<p><strong>9. Divers</strong></p>
<ul>
<li style="list-style-type: none;">
<ul>
<li>Subsides ordinaires aux associations – 2<sup>e</sup> liste</li>
<li>Aide humanitaire « SOS villages d’enfants monde »</li>
<li>Rapports des délégués du conseil communal dans les syndicats intercommunaux</li>
</ul>
</li>
</ul>
<p></p>

<p>Sorry, this entry is only available in French.O R D R E   D U   J O U R Séance publique &nbsp; 1. Approbation et signature du registre aux délibérations de la dernière séance du 17 novembre 2025 &nbsp; 2. Forêts et Aménagement et territoire 2.1    Plan d’aménagement de la forêt communale : présenté par MM. Kim [&hellip;]</p>
