{"id":3147,"date":"2025-09-04T15:25:16","date_gmt":"2025-09-04T13:25:16","guid":{"rendered":"https:\/\/ettelbruck.lu\/?post_type=events&#038;p=3147"},"modified":"2025-09-04T15:39:31","modified_gmt":"2025-09-04T13:39:31","slug":"cape-the-silver-cage","status":"publish","type":"events","link":"https:\/\/ettelbruck.lu\/en\/events\/cape-the-silver-cage\/","title":{"rendered":"CAPE : The Silver Cage"},"content":{"rendered":"<p class=\"qtranxs-available-languages-message qtranxs-available-languages-message-en\">Sorry, this entry is only available in <a href=\"https:\/\/ettelbruck.lu\/fr\/wp-json\/wp\/v2\/events\/3147\" class=\"qtranxs-available-language-link qtranxs-available-language-link-fr\" title=\"Fran\u00e7ais\">French<\/a>.<\/p><p>Le duo viennois HVOB navigue entre deep techno et electro, adoptant une approche minimaliste pour instaurer une ambiance m\u00e9lancolique. Son nouveau programme de tourn\u00e9e mondiale fait partie d\u2019un cycle artistique in\u00e9dit, The Silver Cage, qui allie la musique de HVOB \u00e0 une cr\u00e9ation lumi\u00e8re saisissante, con\u00e7ue par le duo lui-m\u00eame. Ce light show, qui donne son nom au cycle, r\u00e9sulte d\u2019une exploration des possibilit\u00e9s d\u2019int\u00e9grer visuellement la musique de mani\u00e8re encore plus marqu\u00e9e que ce qui avait \u00e9t\u00e9 r\u00e9alis\u00e9<br \/>\njusqu\u2019ici par HVOB.<br \/>\nAttention : ce spectacle comporte des effets stroboscopiques.<\/p>\n<p>Plus d&#8217;information <a href=\"https:\/\/cape.lu\/events\">ici<\/a><\/p>","protected":false},"excerpt":{"rendered":"<p>Sorry, this entry is only available in French.Le duo viennois HVOB navigue entre deep techno et electro, adoptant une approche minimaliste pour instaurer une ambiance m\u00e9lancolique. Son nouveau programme de tourn\u00e9e mondiale fait partie d\u2019un cycle artistique in\u00e9dit, The Silver Cage, qui allie la musique de HVOB \u00e0 une cr\u00e9ation lumi\u00e8re saisissante, con\u00e7ue par le [&hellip;]<\/p>\n","protected":false},"featured_media":3136,"template":"","acf":[],"_links":{"self":[{"href":"https:\/\/ettelbruck.lu\/en\/wp-json\/wp\/v2\/events\/3147"}],"collection":[{"href":"https:\/\/ettelbruck.lu\/en\/wp-json\/wp\/v2\/events"}],"about":[{"href":"https:\/\/ettelbruck.lu\/en\/wp-json\/wp\/v2\/types\/events"}],"wp:featuredmedia":[{"embeddable":true,"href":"https:\/\/ettelbruck.lu\/en\/wp-json\/wp\/v2\/media\/3136"}],"wp:attachment":[{"href":"https:\/\/ettelbruck.lu\/en\/wp-json\/wp\/v2\/media?parent=3147"}],"curies":[{"name":"wp","href":"https:\/\/api.w.org\/{rel}","templated":true}]}}

<p class="qtranxs-available-languages-message qtranxs-available-languages-message-en">Sorry, this entry is only available in <a href="https://ettelbruck.lu/fr/wp-json/wp/v2/events/3147" class="qtranxs-available-language-link qtranxs-available-language-link-fr" title="Français">French</a>.</p><p>Le duo viennois HVOB navigue entre deep techno et electro, adoptant une approche minimaliste pour instaurer une ambiance mélancolique. Son nouveau programme de tournée mondiale fait partie d’un cycle artistique inédit, The Silver Cage, qui allie la musique de HVOB à une création lumière saisissante, conçue par le duo lui-même. Ce light show, qui donne son nom au cycle, résulte d’une exploration des possibilités d’intégrer visuellement la musique de manière encore plus marquée que ce qui avait été réalisé<br />
jusqu’ici par HVOB.<br />
Attention : ce spectacle comporte des effets stroboscopiques.</p>
<p>Plus d&#8217;information <a href="https://cape.lu/events">ici</a></p>

<p>Sorry, this entry is only available in French.Le duo viennois HVOB navigue entre deep techno et electro, adoptant une approche minimaliste pour instaurer une ambiance mélancolique. Son nouveau programme de tournée mondiale fait partie d’un cycle artistique inédit, The Silver Cage, qui allie la musique de HVOB à une création lumière saisissante, conçue par le [&hellip;]</p>
