{"id":3167,"date":"2025-09-05T15:44:52","date_gmt":"2025-09-05T13:44:52","guid":{"rendered":"https:\/\/ettelbruck.lu\/?post_type=events&#038;p=3167"},"modified":"2025-09-05T15:44:52","modified_gmt":"2025-09-05T13:44:52","slug":"cape-dia-dos-herois-nacionais","status":"publish","type":"events","link":"https:\/\/ettelbruck.lu\/en\/events\/cape-dia-dos-herois-nacionais\/","title":{"rendered":"CAPE : Dia dos her\u00f3is nacionais"},"content":{"rendered":"<p class=\"qtranxs-available-languages-message qtranxs-available-languages-message-en\">Sorry, this entry is only available in <a href=\"https:\/\/ettelbruck.lu\/fr\/wp-json\/wp\/v2\/events\/3167\" class=\"qtranxs-available-language-link qtranxs-available-language-link-fr\" title=\"Fran\u00e7ais\">French<\/a>.<\/p><p>Le 20 janvier, le Cap-Vert rend hommage \u00e0 la m\u00e9moire d\u2019Am\u00edlcar Cabral (1924\u20131973), qui a jou\u00e9 un r\u00f4le cl\u00e9 dans l\u2019ind\u00e9pendance de la Guin\u00e9e-Bissau et du Cap-Vert, deux anciennes colonies du Portugal. Th\u00e9oricien et ma\u00eetre d\u2019\u0153uvre de la r\u00e9volution, Cabral est consid\u00e9r\u00e9 comme l\u2019un des plus grands r\u00e9volutionnaires africains du 20e si\u00e8cle. Cette journ\u00e9e de comm\u00e9moration sera c\u00e9l\u00e9br\u00e9e au Foyer du CAPE \u00e0 travers un programme festif et culturel m\u00ealant musique, danse et r\u00e9flexion. Une conf\u00e9rence sur l\u2019ind\u00e9pendance du Cap-Vert viendra \u00e9clairer les enjeux historiques, suivie des prestations des groupes de danse Batukadeiras de Amizade, Contradan\u00e7a Luxembourg et Monts\u00f9, qui illustrent la richesse et la diversit\u00e9 des danses traditionnelles capverdiennes. La soir\u00e9e se cl\u00f4turera en musique avec le groupe Kasy &amp; Band.<\/p>\n<p>Plus d&#8217;information <a href=\"https:\/\/cape.lu\/events\">ici<\/a><\/p>","protected":false},"excerpt":{"rendered":"<p>Sorry, this entry is only available in French.Le 20 janvier, le Cap-Vert rend hommage \u00e0 la m\u00e9moire d\u2019Am\u00edlcar Cabral (1924\u20131973), qui a jou\u00e9 un r\u00f4le cl\u00e9 dans l\u2019ind\u00e9pendance de la Guin\u00e9e-Bissau et du Cap-Vert, deux anciennes colonies du Portugal. Th\u00e9oricien et ma\u00eetre d\u2019\u0153uvre de la r\u00e9volution, Cabral est consid\u00e9r\u00e9 comme l\u2019un des plus grands r\u00e9volutionnaires [&hellip;]<\/p>\n","protected":false},"featured_media":3136,"template":"","acf":[],"_links":{"self":[{"href":"https:\/\/ettelbruck.lu\/en\/wp-json\/wp\/v2\/events\/3167"}],"collection":[{"href":"https:\/\/ettelbruck.lu\/en\/wp-json\/wp\/v2\/events"}],"about":[{"href":"https:\/\/ettelbruck.lu\/en\/wp-json\/wp\/v2\/types\/events"}],"wp:featuredmedia":[{"embeddable":true,"href":"https:\/\/ettelbruck.lu\/en\/wp-json\/wp\/v2\/media\/3136"}],"wp:attachment":[{"href":"https:\/\/ettelbruck.lu\/en\/wp-json\/wp\/v2\/media?parent=3167"}],"curies":[{"name":"wp","href":"https:\/\/api.w.org\/{rel}","templated":true}]}}

CAPE : Dia dos heróis nacionais

<p class="qtranxs-available-languages-message qtranxs-available-languages-message-en">Sorry, this entry is only available in <a href="https://ettelbruck.lu/fr/wp-json/wp/v2/events/3167" class="qtranxs-available-language-link qtranxs-available-language-link-fr" title="Français">French</a>.</p><p>Le 20 janvier, le Cap-Vert rend hommage à la mémoire d’Amílcar Cabral (1924–1973), qui a joué un rôle clé dans l’indépendance de la Guinée-Bissau et du Cap-Vert, deux anciennes colonies du Portugal. Théoricien et maître d’œuvre de la révolution, Cabral est considéré comme l’un des plus grands révolutionnaires africains du 20e siècle. Cette journée de commémoration sera célébrée au Foyer du CAPE à travers un programme festif et culturel mêlant musique, danse et réflexion. Une conférence sur l’indépendance du Cap-Vert viendra éclairer les enjeux historiques, suivie des prestations des groupes de danse Batukadeiras de Amizade, Contradança Luxembourg et Montsù, qui illustrent la richesse et la diversité des danses traditionnelles capverdiennes. La soirée se clôturera en musique avec le groupe Kasy &amp; Band.</p>
<p>Plus d&#8217;information <a href="https://cape.lu/events">ici</a></p>

<p>Sorry, this entry is only available in French.Le 20 janvier, le Cap-Vert rend hommage à la mémoire d’Amílcar Cabral (1924–1973), qui a joué un rôle clé dans l’indépendance de la Guinée-Bissau et du Cap-Vert, deux anciennes colonies du Portugal. Théoricien et maître d’œuvre de la révolution, Cabral est considéré comme l’un des plus grands révolutionnaires [&hellip;]</p>
