{"id":3168,"date":"2025-09-05T15:46:48","date_gmt":"2025-09-05T13:46:48","guid":{"rendered":"https:\/\/ettelbruck.lu\/?post_type=events&#038;p=3168"},"modified":"2025-09-05T15:46:48","modified_gmt":"2025-09-05T13:46:48","slug":"cape-capverdian-party","status":"publish","type":"events","link":"https:\/\/ettelbruck.lu\/en\/events\/cape-capverdian-party\/","title":{"rendered":"CAPE : Capverdian Party"},"content":{"rendered":"<p class=\"qtranxs-available-languages-message qtranxs-available-languages-message-en\">Sorry, this entry is only available in <a href=\"https:\/\/ettelbruck.lu\/fr\/wp-json\/wp\/v2\/events\/3168\" class=\"qtranxs-available-language-link qtranxs-available-language-link-fr\" title=\"Fran\u00e7ais\">French<\/a>.<\/p><p>Plongez dans les sonorit\u00e9s capverdiennes d\u2019aujourd\u2019hui avec Rui Almoli, figure incontournable des nuits capverdiennes au Luxembourg, et Stefania Lopes, chanteuse originaire de l\u2019\u00eele de Sal, plusieurs fois prim\u00e9e pour sa voix remarquable. Pour faire durer la f\u00eate, DJ Felix prendra le relais aux platines et vous fera danser jusqu\u2019\u00e0 la fin de la soir\u00e9e.<\/p>\n<p>Plus d&#8217;information <a href=\"https:\/\/cape.lu\/events\">ici<\/a><\/p>","protected":false},"excerpt":{"rendered":"<p>Sorry, this entry is only available in French.Plongez dans les sonorit\u00e9s capverdiennes d\u2019aujourd\u2019hui avec Rui Almoli, figure incontournable des nuits capverdiennes au Luxembourg, et Stefania Lopes, chanteuse originaire de l\u2019\u00eele de Sal, plusieurs fois prim\u00e9e pour sa voix remarquable. Pour faire durer la f\u00eate, DJ Felix prendra le relais aux platines et vous fera danser [&hellip;]<\/p>\n","protected":false},"featured_media":3136,"template":"","acf":[],"_links":{"self":[{"href":"https:\/\/ettelbruck.lu\/en\/wp-json\/wp\/v2\/events\/3168"}],"collection":[{"href":"https:\/\/ettelbruck.lu\/en\/wp-json\/wp\/v2\/events"}],"about":[{"href":"https:\/\/ettelbruck.lu\/en\/wp-json\/wp\/v2\/types\/events"}],"wp:featuredmedia":[{"embeddable":true,"href":"https:\/\/ettelbruck.lu\/en\/wp-json\/wp\/v2\/media\/3136"}],"wp:attachment":[{"href":"https:\/\/ettelbruck.lu\/en\/wp-json\/wp\/v2\/media?parent=3168"}],"curies":[{"name":"wp","href":"https:\/\/api.w.org\/{rel}","templated":true}]}}

<p class="qtranxs-available-languages-message qtranxs-available-languages-message-en">Sorry, this entry is only available in <a href="https://ettelbruck.lu/fr/wp-json/wp/v2/events/3168" class="qtranxs-available-language-link qtranxs-available-language-link-fr" title="Français">French</a>.</p><p>Plongez dans les sonorités capverdiennes d’aujourd’hui avec Rui Almoli, figure incontournable des nuits capverdiennes au Luxembourg, et Stefania Lopes, chanteuse originaire de l’île de Sal, plusieurs fois primée pour sa voix remarquable. Pour faire durer la fête, DJ Felix prendra le relais aux platines et vous fera danser jusqu’à la fin de la soirée.</p>
<p>Plus d&#8217;information <a href="https://cape.lu/events">ici</a></p>

<p>Sorry, this entry is only available in French.Plongez dans les sonorités capverdiennes d’aujourd’hui avec Rui Almoli, figure incontournable des nuits capverdiennes au Luxembourg, et Stefania Lopes, chanteuse originaire de l’île de Sal, plusieurs fois primée pour sa voix remarquable. Pour faire durer la fête, DJ Felix prendra le relais aux platines et vous fera danser [&hellip;]</p>
