{"id":3275,"date":"2025-11-27T08:48:40","date_gmt":"2025-11-27T07:48:40","guid":{"rendered":"https:\/\/ettelbruck.lu\/?post_type=events&#038;p=3275"},"modified":"2025-11-27T09:23:53","modified_gmt":"2025-11-27T08:23:53","slug":"cape-festival-a-capella","status":"publish","type":"events","link":"https:\/\/ettelbruck.lu\/en\/events\/cape-festival-a-capella\/","title":{"rendered":"CAPE : Festival A CAPE&#8217;lla"},"content":{"rendered":"<p class=\"qtranxs-available-languages-message qtranxs-available-languages-message-en\">Sorry, this entry is only available in <a href=\"https:\/\/ettelbruck.lu\/fr\/wp-json\/wp\/v2\/events\/3275\" class=\"qtranxs-available-language-link qtranxs-available-language-link-fr\" title=\"Fran\u00e7ais\">French<\/a>.<\/p><p>Parfois, il n\u2019y a pas besoin d\u2019orchestre, d\u2019amplification ou de grandes technologies, juste la puret\u00e9 des voix \u2013 dans un espace partag\u00e9. Le festival A CAPE\u2019lla, aujourd\u2019hui partie int\u00e9grante de l\u2019identit\u00e9 du CAPE, r\u00e9unit des personnes, des cultures et des univers sonores tr\u00e8s divers pour c\u00e9l\u00e9brer la richesse et la magie du chant a cappella. C\u2019est une rencontre vibrante entre sons et corps, o\u00f9 se m\u00ealent traditions ancestrales et histoires personnelles, grooves entra\u00eenants et \u00e9motions profondes. Des chants ancestraux aux interpr\u00e9tations les plus modernes, du folk au jazz, en passant par la pop, le rap et le beatboxing, le festival r\u00e9v\u00e8le ce qui na\u00eet quand les voix s\u2019ouvrent aux autres \u2013 sans artifices, au plus direct et touchant. Ce festival est aussi une invitation \u00e0 la participation : ateliers, sessions ouvertes, \u00e9changes avant et apr\u00e8s les concerts, ainsi que des propositions sp\u00e9cialement pens\u00e9es pour les plus jeunes. C\u2019est un \u00e9v\u00e9nement vivant, en mouvement, qui tisse des liens et cr\u00e9e du lien entre les cultures et les g\u00e9n\u00e9rations.<\/p>","protected":false},"excerpt":{"rendered":"<p>Sorry, this entry is only available in French.Parfois, il n\u2019y a pas besoin d\u2019orchestre, d\u2019amplification ou de grandes technologies, juste la puret\u00e9 des voix \u2013 dans un espace partag\u00e9. Le festival A CAPE\u2019lla, aujourd\u2019hui partie int\u00e9grante de l\u2019identit\u00e9 du CAPE, r\u00e9unit des personnes, des cultures et des univers sonores tr\u00e8s divers pour c\u00e9l\u00e9brer la richesse [&hellip;]<\/p>\n","protected":false},"featured_media":3136,"template":"","acf":[],"_links":{"self":[{"href":"https:\/\/ettelbruck.lu\/en\/wp-json\/wp\/v2\/events\/3275"}],"collection":[{"href":"https:\/\/ettelbruck.lu\/en\/wp-json\/wp\/v2\/events"}],"about":[{"href":"https:\/\/ettelbruck.lu\/en\/wp-json\/wp\/v2\/types\/events"}],"wp:featuredmedia":[{"embeddable":true,"href":"https:\/\/ettelbruck.lu\/en\/wp-json\/wp\/v2\/media\/3136"}],"wp:attachment":[{"href":"https:\/\/ettelbruck.lu\/en\/wp-json\/wp\/v2\/media?parent=3275"}],"curies":[{"name":"wp","href":"https:\/\/api.w.org\/{rel}","templated":true}]}}

<p class="qtranxs-available-languages-message qtranxs-available-languages-message-en">Sorry, this entry is only available in <a href="https://ettelbruck.lu/fr/wp-json/wp/v2/events/3275" class="qtranxs-available-language-link qtranxs-available-language-link-fr" title="Français">French</a>.</p><p>Parfois, il n’y a pas besoin d’orchestre, d’amplification ou de grandes technologies, juste la pureté des voix – dans un espace partagé. Le festival A CAPE’lla, aujourd’hui partie intégrante de l’identité du CAPE, réunit des personnes, des cultures et des univers sonores très divers pour célébrer la richesse et la magie du chant a cappella. C’est une rencontre vibrante entre sons et corps, où se mêlent traditions ancestrales et histoires personnelles, grooves entraînants et émotions profondes. Des chants ancestraux aux interprétations les plus modernes, du folk au jazz, en passant par la pop, le rap et le beatboxing, le festival révèle ce qui naît quand les voix s’ouvrent aux autres – sans artifices, au plus direct et touchant. Ce festival est aussi une invitation à la participation : ateliers, sessions ouvertes, échanges avant et après les concerts, ainsi que des propositions spécialement pensées pour les plus jeunes. C’est un événement vivant, en mouvement, qui tisse des liens et crée du lien entre les cultures et les générations.</p>

<p>Sorry, this entry is only available in French.Parfois, il n’y a pas besoin d’orchestre, d’amplification ou de grandes technologies, juste la pureté des voix – dans un espace partagé. Le festival A CAPE’lla, aujourd’hui partie intégrante de l’identité du CAPE, réunit des personnes, des cultures et des univers sonores très divers pour célébrer la richesse [&hellip;]</p>
