{"id":657,"date":"2020-08-05T11:21:56","date_gmt":"2020-08-05T09:21:56","guid":{"rendered":"https:\/\/ettelbruck.webdev.lu\/?post_type=poi&#038;p=657"},"modified":"2022-08-18T16:18:14","modified_gmt":"2022-08-18T14:18:14","slug":"autopedestre-1","status":"publish","type":"poi","link":"https:\/\/ettelbruck.lu\/en\/poi\/autopedestre-1\/","title":{"rendered":"Circular walks 1"},"content":{"rendered":"<p>Randonn\u00e9e &#8211; Interm\u00e9diaire (8,92km). Bonne condition physique n\u00e9cessaire. Sentiers accessibles pour la plupart. Restez vigilant.<\/p>\n<p><a href=\"https:\/\/www.komoot.fr\/tour\/176829910\">Sentier Et 2<\/a><\/p>\n<p>&nbsp;<\/p>\n","protected":false},"excerpt":{"rendered":"<p>Randonn\u00e9e &#8211; Interm\u00e9diaire (8,92km). Bonne condition physique n\u00e9cessaire. Sentiers accessibles pour la plupart. Restez vigilant. Sentier Et 2 &nbsp;<\/p>\n","protected":false},"featured_media":1757,"template":"","acf":[],"_links":{"self":[{"href":"https:\/\/ettelbruck.lu\/en\/wp-json\/wp\/v2\/poi\/657"}],"collection":[{"href":"https:\/\/ettelbruck.lu\/en\/wp-json\/wp\/v2\/poi"}],"about":[{"href":"https:\/\/ettelbruck.lu\/en\/wp-json\/wp\/v2\/types\/poi"}],"wp:featuredmedia":[{"embeddable":true,"href":"https:\/\/ettelbruck.lu\/en\/wp-json\/wp\/v2\/media\/1757"}],"wp:attachment":[{"href":"https:\/\/ettelbruck.lu\/en\/wp-json\/wp\/v2\/media?parent=657"}],"curies":[{"name":"wp","href":"https:\/\/api.w.org\/{rel}","templated":true}]}}

<p>Randonnée &#8211; Intermédiaire (8,92km). Bonne condition physique nécessaire. Sentiers accessibles pour la plupart. Restez vigilant.</p>
<p><a href="https://www.komoot.fr/tour/176829910">Sentier Et 2</a></p>
<p>&nbsp;</p>

<p>Randonnée &#8211; Intermédiaire (8,92km). Bonne condition physique nécessaire. Sentiers accessibles pour la plupart. Restez vigilant. Sentier Et 2 &nbsp;</p>
