{"id":6170,"date":"2025-05-05T12:21:58","date_gmt":"2025-05-05T10:21:58","guid":{"rendered":"https:\/\/ettelbruck.lu\/visiteur\/events\/soiree-informative-mai-wellen-mai-wee\/"},"modified":"2025-05-05T16:18:55","modified_gmt":"2025-05-05T14:18:55","slug":"soiree-informative-mai-wellen-mai-wee","status":"publish","type":"events","link":"https:\/\/ettelbruck.lu\/visiteur\/de\/events\/soiree-informative-mai-wellen-mai-wee\/","title":{"rendered":"Soir\u00e9e informative: M\u00e4i W\u00ebllen, M\u00e4i Wee"},"content":{"rendered":"<p class=\"qtranxs-available-languages-message qtranxs-available-languages-message-de\">Leider ist der Eintrag nur auf <a href=\"https:\/\/ettelbruck.lu\/visiteur\/fr\/wp-json\/wp\/v2\/events\/6170\" class=\"qtranxs-available-language-link qtranxs-available-language-link-fr\" title=\"Fran\u00e7ais\">Franz\u00f6sisch<\/a> verf\u00fcgbar.<\/p>","protected":false},"excerpt":{"rendered":"<p>Leider ist der Eintrag nur auf Franz\u00f6sisch verf\u00fcgbar.<\/p>\n","protected":false},"featured_media":0,"template":"","acf":[],"_links":{"self":[{"href":"https:\/\/ettelbruck.lu\/visiteur\/de\/wp-json\/wp\/v2\/events\/6170"}],"collection":[{"href":"https:\/\/ettelbruck.lu\/visiteur\/de\/wp-json\/wp\/v2\/events"}],"about":[{"href":"https:\/\/ettelbruck.lu\/visiteur\/de\/wp-json\/wp\/v2\/types\/events"}],"wp:attachment":[{"href":"https:\/\/ettelbruck.lu\/visiteur\/de\/wp-json\/wp\/v2\/media?parent=6170"}],"curies":[{"name":"wp","href":"https:\/\/api.w.org\/{rel}","templated":true}]}}

Soirée informative: Mäi Wëllen, Mäi Wee

<p class="qtranxs-available-languages-message qtranxs-available-languages-message-de">Leider ist der Eintrag nur auf <a href="https://ettelbruck.lu/visiteur/fr/wp-json/wp/v2/events/6170" class="qtranxs-available-language-link qtranxs-available-language-link-fr" title="Français">Französisch</a> verfügbar.</p>

<p>Leider ist der Eintrag nur auf Französisch verfügbar.</p>
