{"id":3570,"date":"2025-02-02T19:49:53","date_gmt":"2025-02-02T18:49:53","guid":{"rendered":"https:\/\/ettelbruck.lu\/visiteur\/events\/veille-de-la-fete-nationale-2\/"},"modified":"2025-12-04T15:47:33","modified_gmt":"2025-12-04T14:47:33","slug":"veille-de-la-fete-nationale","status":"publish","type":"events","link":"https:\/\/ettelbruck.lu\/visiteur\/events\/veille-de-la-fete-nationale\/","title":{"rendered":"Veille de la F\u00eate Nationale"},"content":{"rendered":"<p class=\"qtranxs-available-languages-message qtranxs-available-languages-message-fr\">D\u00e9sol\u00e9, cet article est seulement disponible en <a href=\"https:\/\/ettelbruck.lu\/visiteur\/en\/wp-json\/wp\/v2\/events\/3570\" class=\"qtranxs-available-language-link qtranxs-available-language-link-en\" title=\"English\">Anglais Am\u00e9ricain<\/a>.<\/p>","protected":false},"excerpt":{"rendered":"<p>D\u00e9sol\u00e9, cet article est seulement disponible en Anglais Am\u00e9ricain.<\/p>\n","protected":false},"featured_media":6237,"template":"","acf":[],"_links":{"self":[{"href":"https:\/\/ettelbruck.lu\/visiteur\/wp-json\/wp\/v2\/events\/3570"}],"collection":[{"href":"https:\/\/ettelbruck.lu\/visiteur\/wp-json\/wp\/v2\/events"}],"about":[{"href":"https:\/\/ettelbruck.lu\/visiteur\/wp-json\/wp\/v2\/types\/events"}],"wp:featuredmedia":[{"embeddable":true,"href":"https:\/\/ettelbruck.lu\/visiteur\/wp-json\/wp\/v2\/media\/6237"}],"wp:attachment":[{"href":"https:\/\/ettelbruck.lu\/visiteur\/wp-json\/wp\/v2\/media?parent=3570"}],"curies":[{"name":"wp","href":"https:\/\/api.w.org\/{rel}","templated":true}]}}

Veille de la Fête Nationale

<p class="qtranxs-available-languages-message qtranxs-available-languages-message-fr">Désolé, cet article est seulement disponible en <a href="https://ettelbruck.lu/visiteur/en/wp-json/wp/v2/events/3570" class="qtranxs-available-language-link qtranxs-available-language-link-en" title="English">Anglais Américain</a>.</p>

<p>Désolé, cet article est seulement disponible en Anglais Américain.</p>
