{"id":5539,"date":"2024-06-18T14:05:13","date_gmt":"2024-06-18T12:05:13","guid":{"rendered":"https:\/\/ettelbruck.lu\/visiteur\/events\/luga\/"},"modified":"2025-05-05T10:46:16","modified_gmt":"2025-05-05T08:46:16","slug":"luga","status":"publish","type":"events","link":"https:\/\/ettelbruck.lu\/visiteur\/events\/luga\/","title":{"rendered":"LUGA"},"content":{"rendered":"<p><span class=\"description\">Du 7 mai au 25 octobre 2025, d\u00e9couvrez l&rsquo;exposition \u00e9ph\u00e9m\u00e8re en plein air \u00e0 Luxembourg: jardins urbains, installations paysag\u00e8res et artistiques, projets agricoles et lieux de vie! Informez-vous maintenant!<\/span><\/p>\n<p><a href=\"https:\/\/luga.lu\/fr\/\">Le programme int\u00e9gral de la LUGA 2025 est disponible ici (cliquez sur le lien)!<\/a><\/p>\n<p><img loading=\"lazy\" decoding=\"async\" class=\"alignnone size-full wp-image-5667\" src=\"https:\/\/ettelbruck.lu\/visiteur\/wp-content\/uploads\/sites\/3\/2024\/07\/VisionPhotography_DJI_0547.jpg\" alt=\"\" width=\"2048\" height=\"1534\" srcset=\"https:\/\/ettelbruck.lu\/visiteur\/wp-content\/uploads\/sites\/3\/2024\/07\/VisionPhotography_DJI_0547.jpg 2048w, https:\/\/ettelbruck.lu\/visiteur\/wp-content\/uploads\/sites\/3\/2024\/07\/VisionPhotography_DJI_0547-300x225.jpg 300w, https:\/\/ettelbruck.lu\/visiteur\/wp-content\/uploads\/sites\/3\/2024\/07\/VisionPhotography_DJI_0547-1024x767.jpg 1024w, https:\/\/ettelbruck.lu\/visiteur\/wp-content\/uploads\/sites\/3\/2024\/07\/VisionPhotography_DJI_0547-768x575.jpg 768w, https:\/\/ettelbruck.lu\/visiteur\/wp-content\/uploads\/sites\/3\/2024\/07\/VisionPhotography_DJI_0547-1536x1151.jpg 1536w\" sizes=\"(max-width: 2048px) 100vw, 2048px\" \/><\/p>","protected":false},"excerpt":{"rendered":"<p>Du 7 mai au 25 octobre 2025, d\u00e9couvrez l&rsquo;exposition \u00e9ph\u00e9m\u00e8re en plein air \u00e0 Luxembourg: jardins urbains, installations paysag\u00e8res et artistiques, projets agricoles et lieux de vie! Informez-vous maintenant! Le programme int\u00e9gral de la LUGA 2025 est disponible ici (cliquez sur le lien)!<\/p>\n","protected":false},"featured_media":6169,"template":"","acf":[],"_links":{"self":[{"href":"https:\/\/ettelbruck.lu\/visiteur\/wp-json\/wp\/v2\/events\/5539"}],"collection":[{"href":"https:\/\/ettelbruck.lu\/visiteur\/wp-json\/wp\/v2\/events"}],"about":[{"href":"https:\/\/ettelbruck.lu\/visiteur\/wp-json\/wp\/v2\/types\/events"}],"wp:featuredmedia":[{"embeddable":true,"href":"https:\/\/ettelbruck.lu\/visiteur\/wp-json\/wp\/v2\/media\/6169"}],"wp:attachment":[{"href":"https:\/\/ettelbruck.lu\/visiteur\/wp-json\/wp\/v2\/media?parent=5539"}],"curies":[{"name":"wp","href":"https:\/\/api.w.org\/{rel}","templated":true}]}}

<p><span class="description">Du 7 mai au 25 octobre 2025, découvrez l&rsquo;exposition éphémère en plein air à Luxembourg: jardins urbains, installations paysagères et artistiques, projets agricoles et lieux de vie! Informez-vous maintenant!</span></p>
<p><a href="https://luga.lu/fr/">Le programme intégral de la LUGA 2025 est disponible ici (cliquez sur le lien)!</a></p>
<p><img loading="lazy" decoding="async" class="alignnone size-full wp-image-5667" src="https://ettelbruck.lu/visiteur/wp-content/uploads/sites/3/2024/07/VisionPhotography_DJI_0547.jpg" alt="" width="2048" height="1534" srcset="https://ettelbruck.lu/visiteur/wp-content/uploads/sites/3/2024/07/VisionPhotography_DJI_0547.jpg 2048w, https://ettelbruck.lu/visiteur/wp-content/uploads/sites/3/2024/07/VisionPhotography_DJI_0547-300x225.jpg 300w, https://ettelbruck.lu/visiteur/wp-content/uploads/sites/3/2024/07/VisionPhotography_DJI_0547-1024x767.jpg 1024w, https://ettelbruck.lu/visiteur/wp-content/uploads/sites/3/2024/07/VisionPhotography_DJI_0547-768x575.jpg 768w, https://ettelbruck.lu/visiteur/wp-content/uploads/sites/3/2024/07/VisionPhotography_DJI_0547-1536x1151.jpg 1536w" sizes="(max-width: 2048px) 100vw, 2048px" /></p>

<p>Du 7 mai au 25 octobre 2025, découvrez l&rsquo;exposition éphémère en plein air à Luxembourg: jardins urbains, installations paysagères et artistiques, projets agricoles et lieux de vie! Informez-vous maintenant! Le programme intégral de la LUGA 2025 est disponible ici (cliquez sur le lien)!</p>
