{"id":5922,"date":"2024-09-03T10:41:27","date_gmt":"2024-09-03T08:41:27","guid":{"rendered":"https:\/\/ettelbruck.lu\/visiteur\/events\/das-neinhorn\/"},"modified":"2024-09-03T10:41:27","modified_gmt":"2024-09-03T08:41:27","slug":"das-neinhorn","status":"publish","type":"events","link":"https:\/\/ettelbruck.lu\/visiteur\/events\/das-neinhorn\/","title":{"rendered":"Das Neinhorn"},"content":{"rendered":"<p>Dans la for\u00eat des coeurs, un adorable b\u00e9b\u00e9 licorne a fait son apparition. Le seul souci est que son vocabulaire semble quelque peu limit\u00e9 : NON aux cascades arc-en-ciel ! NON aux nuages de barbe \u00e0 papa ! NON aux tr\u00e8fles porte-bonheur scintillants et sucr\u00e9s ! C\u2019est un vrai licorNON ! Un matin, il d\u00e9cide de quitter la for\u00eat pour parcourir le vaste monde. En chemin, il rencontre un raton-laveur un peu sourd, un QUOIton-laveur, un chien de berger nonchalant et flegmatique, un bergETALORS, et une princesse intransigeante, une prinSIsse\u2026 Le compositeur Michael Essl et la librettiste Pamela D\u00fcrr r\u00e9inventent le livre de Marc-Uwe Kling en un op\u00e9ra plein d&rsquo;esprit et malicieux, explorant subtilement la phase d&rsquo;opposition chez les enfants et c\u00e9l\u00e9brant les merveilleuses facettes du refus.<\/p>","protected":false},"excerpt":{"rendered":"<p>Dans la for\u00eat des coeurs, un adorable b\u00e9b\u00e9 licorne a fait son apparition. Le seul souci est que son vocabulaire semble quelque peu limit\u00e9 : NON aux cascades arc-en-ciel ! NON aux nuages de barbe \u00e0 papa ! NON aux tr\u00e8fles porte-bonheur scintillants et sucr\u00e9s ! C\u2019est un vrai licorNON ! Un matin, il d\u00e9cide [&hellip;]<\/p>\n","protected":false},"featured_media":5923,"template":"","acf":[],"_links":{"self":[{"href":"https:\/\/ettelbruck.lu\/visiteur\/wp-json\/wp\/v2\/events\/5922"}],"collection":[{"href":"https:\/\/ettelbruck.lu\/visiteur\/wp-json\/wp\/v2\/events"}],"about":[{"href":"https:\/\/ettelbruck.lu\/visiteur\/wp-json\/wp\/v2\/types\/events"}],"wp:featuredmedia":[{"embeddable":true,"href":"https:\/\/ettelbruck.lu\/visiteur\/wp-json\/wp\/v2\/media\/5923"}],"wp:attachment":[{"href":"https:\/\/ettelbruck.lu\/visiteur\/wp-json\/wp\/v2\/media?parent=5922"}],"curies":[{"name":"wp","href":"https:\/\/api.w.org\/{rel}","templated":true}]}}

<p>Dans la forêt des coeurs, un adorable bébé licorne a fait son apparition. Le seul souci est que son vocabulaire semble quelque peu limité : NON aux cascades arc-en-ciel ! NON aux nuages de barbe à papa ! NON aux trèfles porte-bonheur scintillants et sucrés ! C’est un vrai licorNON ! Un matin, il décide de quitter la forêt pour parcourir le vaste monde. En chemin, il rencontre un raton-laveur un peu sourd, un QUOIton-laveur, un chien de berger nonchalant et flegmatique, un bergETALORS, et une princesse intransigeante, une prinSIsse… Le compositeur Michael Essl et la librettiste Pamela Dürr réinventent le livre de Marc-Uwe Kling en un opéra plein d&rsquo;esprit et malicieux, explorant subtilement la phase d&rsquo;opposition chez les enfants et célébrant les merveilleuses facettes du refus.</p>

<p>Dans la forêt des coeurs, un adorable bébé licorne a fait son apparition. Le seul souci est que son vocabulaire semble quelque peu limité : NON aux cascades arc-en-ciel ! NON aux nuages de barbe à papa ! NON aux trèfles porte-bonheur scintillants et sucrés ! C’est un vrai licorNON ! Un matin, il décide [&hellip;]</p>
