{"id":5932,"date":"2024-09-03T11:01:04","date_gmt":"2024-09-03T09:01:04","guid":{"rendered":"https:\/\/ettelbruck.lu\/visiteur\/events\/lets-dance\/"},"modified":"2024-09-03T11:01:04","modified_gmt":"2024-09-03T09:01:04","slug":"lets-dance","status":"publish","type":"events","link":"https:\/\/ettelbruck.lu\/visiteur\/events\/lets-dance\/","title":{"rendered":"Let&rsquo;s Dance"},"content":{"rendered":"<p>Ce concert est une exploration unique de la litt\u00e9rature pour fl\u00fbte et piano, avec un accent particulier sur les \u0153uvres qui s\u2019inspirent des danses.<\/p>","protected":false},"excerpt":{"rendered":"<p>Ce concert est une exploration unique de la litt\u00e9rature pour fl\u00fbte et piano, avec un accent particulier sur les \u0153uvres qui s\u2019inspirent des danses.<\/p>\n","protected":false},"featured_media":5931,"template":"","acf":[],"_links":{"self":[{"href":"https:\/\/ettelbruck.lu\/visiteur\/wp-json\/wp\/v2\/events\/5932"}],"collection":[{"href":"https:\/\/ettelbruck.lu\/visiteur\/wp-json\/wp\/v2\/events"}],"about":[{"href":"https:\/\/ettelbruck.lu\/visiteur\/wp-json\/wp\/v2\/types\/events"}],"wp:featuredmedia":[{"embeddable":true,"href":"https:\/\/ettelbruck.lu\/visiteur\/wp-json\/wp\/v2\/media\/5931"}],"wp:attachment":[{"href":"https:\/\/ettelbruck.lu\/visiteur\/wp-json\/wp\/v2\/media?parent=5932"}],"curies":[{"name":"wp","href":"https:\/\/api.w.org\/{rel}","templated":true}]}}

<p>Ce concert est une exploration unique de la littérature pour flûte et piano, avec un accent particulier sur les œuvres qui s’inspirent des danses.</p>
