{"id":5946,"date":"2024-09-03T14:15:18","date_gmt":"2024-09-03T12:15:18","guid":{"rendered":"https:\/\/ettelbruck.lu\/visiteur\/events\/spectacle-de-danse\/"},"modified":"2024-09-03T14:15:18","modified_gmt":"2024-09-03T12:15:18","slug":"spectacle-de-danse","status":"publish","type":"events","link":"https:\/\/ettelbruck.lu\/visiteur\/events\/spectacle-de-danse\/","title":{"rendered":"Spectacle de danse"},"content":{"rendered":"<p>Laissez-vous \u00e9merveiller par la gr\u00e2ce et la virtuosit\u00e9 des \u00e9l\u00e8ves danseurs du conservatoire lors de ce spectacle. Ils interpr\u00e9teront des chor\u00e9graphies classiques, contemporaines et jazz, dans un m\u00e9lange harmonieux de technique et d\u2019\u00e9motion.<\/p>","protected":false},"excerpt":{"rendered":"<p>Laissez-vous \u00e9merveiller par la gr\u00e2ce et la virtuosit\u00e9 des \u00e9l\u00e8ves danseurs du conservatoire lors de ce spectacle. Ils interpr\u00e9teront des chor\u00e9graphies classiques, contemporaines et jazz, dans un m\u00e9lange harmonieux de technique et d\u2019\u00e9motion.<\/p>\n","protected":false},"featured_media":5931,"template":"","acf":[],"_links":{"self":[{"href":"https:\/\/ettelbruck.lu\/visiteur\/wp-json\/wp\/v2\/events\/5946"}],"collection":[{"href":"https:\/\/ettelbruck.lu\/visiteur\/wp-json\/wp\/v2\/events"}],"about":[{"href":"https:\/\/ettelbruck.lu\/visiteur\/wp-json\/wp\/v2\/types\/events"}],"wp:featuredmedia":[{"embeddable":true,"href":"https:\/\/ettelbruck.lu\/visiteur\/wp-json\/wp\/v2\/media\/5931"}],"wp:attachment":[{"href":"https:\/\/ettelbruck.lu\/visiteur\/wp-json\/wp\/v2\/media?parent=5946"}],"curies":[{"name":"wp","href":"https:\/\/api.w.org\/{rel}","templated":true}]}}

<p>Laissez-vous émerveiller par la grâce et la virtuosité des élèves danseurs du conservatoire lors de ce spectacle. Ils interpréteront des chorégraphies classiques, contemporaines et jazz, dans un mélange harmonieux de technique et d’émotion.</p>
