{"id":6170,"date":"2025-05-05T12:21:58","date_gmt":"2025-05-05T10:21:58","guid":{"rendered":"https:\/\/ettelbruck.lu\/visiteur\/events\/soiree-informative-mai-wellen-mai-wee\/"},"modified":"2025-05-05T16:18:55","modified_gmt":"2025-05-05T14:18:55","slug":"soiree-informative-mai-wellen-mai-wee","status":"publish","type":"events","link":"https:\/\/ettelbruck.lu\/visiteur\/events\/soiree-informative-mai-wellen-mai-wee\/","title":{"rendered":"Soir\u00e9e informative: M\u00e4i W\u00ebllen, M\u00e4i Wee"},"content":{"rendered":"<p><img loading=\"lazy\" decoding=\"async\" class=\"aligncenter wp-image-6171 size-large\" src=\"https:\/\/ettelbruck.lu\/visiteur\/wp-content\/uploads\/sites\/3\/2025\/05\/Affiche-conference-Ettelbruck-002-1024x722.png\" alt=\"\" width=\"640\" height=\"451\" \/><\/p>","protected":false},"excerpt":{"rendered":"","protected":false},"featured_media":0,"template":"","acf":[],"_links":{"self":[{"href":"https:\/\/ettelbruck.lu\/visiteur\/wp-json\/wp\/v2\/events\/6170"}],"collection":[{"href":"https:\/\/ettelbruck.lu\/visiteur\/wp-json\/wp\/v2\/events"}],"about":[{"href":"https:\/\/ettelbruck.lu\/visiteur\/wp-json\/wp\/v2\/types\/events"}],"wp:attachment":[{"href":"https:\/\/ettelbruck.lu\/visiteur\/wp-json\/wp\/v2\/media?parent=6170"}],"curies":[{"name":"wp","href":"https:\/\/api.w.org\/{rel}","templated":true}]}}

Soirée informative: Mäi Wëllen, Mäi Wee
