{"id":6263,"date":"2025-07-09T11:38:17","date_gmt":"2025-07-09T09:38:17","guid":{"rendered":"https:\/\/ettelbruck.lu\/visiteur\/events\/journee-des-familles-bounekiermes\/"},"modified":"2025-08-12T09:28:37","modified_gmt":"2025-08-12T07:28:37","slug":"journee-des-familles-bounekiermes","status":"publish","type":"events","link":"https:\/\/ettelbruck.lu\/visiteur\/events\/journee-des-familles-bounekiermes\/","title":{"rendered":"Journ\u00e9e des Familles &#8211; Bounekiermes"},"content":{"rendered":"<p>Venez \u00e0 la kermesse le 30 juillet pour la Journ\u00e9e des Familles\u202f! Profitez de belles r\u00e9ductions sur les attractions et passez une belle journ\u00e9e en famille.<\/p>","protected":false},"excerpt":{"rendered":"<p>Venez \u00e0 la kermesse le 30 juillet pour la Journ\u00e9e des Familles\u202f! Profitez de belles r\u00e9ductions sur les attractions et passez une belle journ\u00e9e en famille.<\/p>\n","protected":false},"featured_media":6264,"template":"","acf":[],"_links":{"self":[{"href":"https:\/\/ettelbruck.lu\/visiteur\/wp-json\/wp\/v2\/events\/6263"}],"collection":[{"href":"https:\/\/ettelbruck.lu\/visiteur\/wp-json\/wp\/v2\/events"}],"about":[{"href":"https:\/\/ettelbruck.lu\/visiteur\/wp-json\/wp\/v2\/types\/events"}],"wp:featuredmedia":[{"embeddable":true,"href":"https:\/\/ettelbruck.lu\/visiteur\/wp-json\/wp\/v2\/media\/6264"}],"wp:attachment":[{"href":"https:\/\/ettelbruck.lu\/visiteur\/wp-json\/wp\/v2\/media?parent=6263"}],"curies":[{"name":"wp","href":"https:\/\/api.w.org\/{rel}","templated":true}]}}

Journée des Familles &#8211; Bounekiermes

<p>Venez à la kermesse le 30 juillet pour la Journée des Familles ! Profitez de belles réductions sur les attractions et passez une belle journée en famille.</p>
