{"id":6995,"date":"2025-04-01T10:26:36","date_gmt":"2025-04-01T08:26:36","guid":{"rendered":"https:\/\/ettelbruck.lu\/visiteur\/events\/fete-des-voisins-2\/"},"modified":"2026-04-10T15:14:57","modified_gmt":"2026-04-10T13:14:57","slug":"fete-des-voisins","status":"publish","type":"events","link":"https:\/\/ettelbruck.lu\/visiteur\/events\/fete-des-voisins\/","title":{"rendered":"F\u00eate des Voisins"},"content":{"rendered":"<p>La Ville d&rsquo;Ettelbruck met \u00e0 disposition du mat\u00e9riel de communication (carton d&rsquo;invitation, sticker, banni\u00e8re), bancs, tables, barri\u00e8res. Vous avez \u00e9galement la possibilit\u00e9 de barrer temporairement votre rue pour la f\u00eate!<\/p>\n<p>Inscrivez votre f\u00eate des voisins : <a href=\"https:\/\/forms.office.com\/e\/Z3tcSSu2qD\">F\u00eate des Voisins 2026 \u2013 Remplir le formulaire<\/a><\/p>","protected":false},"excerpt":{"rendered":"<p>La Ville d&rsquo;Ettelbruck met \u00e0 disposition du mat\u00e9riel de communication (carton d&rsquo;invitation, sticker, banni\u00e8re), bancs, tables, barri\u00e8res. Vous avez \u00e9galement la possibilit\u00e9 de barrer temporairement votre rue pour la f\u00eate! Inscrivez votre f\u00eate des voisins : F\u00eate des Voisins 2026 \u2013 Remplir le formulaire<\/p>\n","protected":false},"featured_media":6996,"template":"","acf":[],"_links":{"self":[{"href":"https:\/\/ettelbruck.lu\/visiteur\/wp-json\/wp\/v2\/events\/6995"}],"collection":[{"href":"https:\/\/ettelbruck.lu\/visiteur\/wp-json\/wp\/v2\/events"}],"about":[{"href":"https:\/\/ettelbruck.lu\/visiteur\/wp-json\/wp\/v2\/types\/events"}],"wp:featuredmedia":[{"embeddable":true,"href":"https:\/\/ettelbruck.lu\/visiteur\/wp-json\/wp\/v2\/media\/6996"}],"wp:attachment":[{"href":"https:\/\/ettelbruck.lu\/visiteur\/wp-json\/wp\/v2\/media?parent=6995"}],"curies":[{"name":"wp","href":"https:\/\/api.w.org\/{rel}","templated":true}]}}

Fête des Voisins

<p>La Ville d&rsquo;Ettelbruck met à disposition du matériel de communication (carton d&rsquo;invitation, sticker, bannière), bancs, tables, barrières. Vous avez également la possibilité de barrer temporairement votre rue pour la fête!</p>
<p>Inscrivez votre fête des voisins : <a href="https://forms.office.com/e/Z3tcSSu2qD">Fête des Voisins 2026 – Remplir le formulaire</a></p>

<p>La Ville d&rsquo;Ettelbruck met à disposition du matériel de communication (carton d&rsquo;invitation, sticker, bannière), bancs, tables, barrières. Vous avez également la possibilité de barrer temporairement votre rue pour la fête! Inscrivez votre fête des voisins : Fête des Voisins 2026 – Remplir le formulaire</p>
