{"id":42,"date":"2020-03-13T14:43:49","date_gmt":"2020-03-13T13:43:49","guid":{"rendered":"https:\/\/ettelbruck.webdev.lu\/visiteur\/?page_id=42"},"modified":"2023-07-19T10:10:17","modified_gmt":"2023-07-19T08:10:17","slug":"foire-agricole","status":"publish","type":"page","link":"https:\/\/ettelbruck.lu\/visiteur\/decouvrir\/foire-agricole\/","title":{"rendered":"Foire agricole"},"content":{"rendered":"<p>En 1883, la premi\u00e8re exposition agricole a \u00e9t\u00e9 inaugur\u00e9e en pr\u00e9sence du roi Wilhelm III et de la reine Emma \u00e0 Ettelbruck. Ce rendez-vous incontournable du monde agricole a lieu au cours du premier week-end de juillet dans les prairies du Deich \u00e0 Ettelbruck. Les agriculteurs, sylviculteurs, horticulteurs, vignerons et chercheurs scientifiques pr\u00e9sentent leur savoir-faire tout au long du week-end.<\/p>\n<p>La FAE constitue depuis des ann\u00e9es le plus grand \u00e9v\u00e9nement en plein air du genre au Luxembourg, o\u00f9 on peut d\u00e9couvrir et go\u00fbter les produits du terroir.<\/p>\n<p><img loading=\"lazy\" decoding=\"async\" class=\"wp-image-1844 aligncenter\" src=\"https:\/\/ettelbruck.lu\/visiteur\/wp-content\/uploads\/sites\/3\/2020\/10\/512x512bb-300x300.jpg\" alt=\"\" width=\"211\" height=\"211\" srcset=\"https:\/\/ettelbruck.lu\/visiteur\/wp-content\/uploads\/sites\/3\/2020\/10\/512x512bb-300x300.jpg 300w, https:\/\/ettelbruck.lu\/visiteur\/wp-content\/uploads\/sites\/3\/2020\/10\/512x512bb-150x150.jpg 150w, https:\/\/ettelbruck.lu\/visiteur\/wp-content\/uploads\/sites\/3\/2020\/10\/512x512bb.jpg 512w\" sizes=\"(max-width: 211px) 100vw, 211px\" \/><\/p>","protected":false},"excerpt":{"rendered":"<p>En 1883, la premi\u00e8re exposition agricole a \u00e9t\u00e9 inaugur\u00e9e en pr\u00e9sence du roi Wilhelm III et de la reine Emma \u00e0 Ettelbruck. Ce rendez-vous incontournable du monde agricole a lieu au cours du premier week-end de juillet dans les prairies du Deich \u00e0 Ettelbruck. Les agriculteurs, sylviculteurs, horticulteurs, vignerons et chercheurs scientifiques pr\u00e9sentent leur savoir-faire [&hellip;]<\/p>\n","protected":false},"author":1,"featured_media":0,"parent":26,"menu_order":0,"comment_status":"closed","ping_status":"closed","template":"","meta":{"_acf_changed":false,"inline_featured_image":false,"footnotes":""},"acf":[],"_links":{"self":[{"href":"https:\/\/ettelbruck.lu\/visiteur\/wp-json\/wp\/v2\/pages\/42"}],"collection":[{"href":"https:\/\/ettelbruck.lu\/visiteur\/wp-json\/wp\/v2\/pages"}],"about":[{"href":"https:\/\/ettelbruck.lu\/visiteur\/wp-json\/wp\/v2\/types\/page"}],"author":[{"embeddable":true,"href":"https:\/\/ettelbruck.lu\/visiteur\/wp-json\/wp\/v2\/users\/1"}],"replies":[{"embeddable":true,"href":"https:\/\/ettelbruck.lu\/visiteur\/wp-json\/wp\/v2\/comments?post=42"}],"version-history":[{"count":13,"href":"https:\/\/ettelbruck.lu\/visiteur\/wp-json\/wp\/v2\/pages\/42\/revisions"}],"predecessor-version":[{"id":3740,"href":"https:\/\/ettelbruck.lu\/visiteur\/wp-json\/wp\/v2\/pages\/42\/revisions\/3740"}],"up":[{"embeddable":true,"href":"https:\/\/ettelbruck.lu\/visiteur\/wp-json\/wp\/v2\/pages\/26"}],"wp:attachment":[{"href":"https:\/\/ettelbruck.lu\/visiteur\/wp-json\/wp\/v2\/media?parent=42"}],"curies":[{"name":"wp","href":"https:\/\/api.w.org\/{rel}","templated":true}]}}