{"id":44,"date":"2020-03-13T14:44:06","date_gmt":"2020-03-13T13:44:06","guid":{"rendered":"https:\/\/ettelbruck.webdev.lu\/visiteur\/?page_id=44"},"modified":"2020-08-13T17:54:16","modified_gmt":"2020-08-13T15:54:16","slug":"shopping","status":"publish","type":"page","link":"https:\/\/ettelbruck.lu\/visiteur\/visiter\/shopping\/","title":{"rendered":"Shopping"},"content":{"rendered":"<p>Connaissez-vous d\u00e9j\u00e0 la plus grande zone pi\u00e9tonne du nord du Luxembourg?<\/p>\n<p>\u00c0 Ettelbruck, 200 boutiques de mode, centres de beaut\u00e9s, coiffeurs, magasins de d\u00e9coration, fleuristes, bijouteries\u2026 accueillent les visiteurs pour combler les d\u00e9sirs de chacun. Un plaisir encore plus agr\u00e9able dans le centre pi\u00e9tonnier qui, lors du traditionnel \u00ab\u00a0Nei Ettelbr\u00e9ck\u00a0\u00bb, se transforme en f\u00eate populaire. Les adeptes de produits frais ne sont pas oubli\u00e9s avec \u00ab\u00a0De Buttek\u00a0\u00bb, le magasin de la ferme, dont les produits se retrouvent aussi sur le march\u00e9 hebdomadaire. <\/p>\n<p>Lors de votre promenade dans le centre fleuri d\u2019Ettelbruck, prenez le temps d\u2019admirer les diff\u00e9rentes attractions touristiques et historiques.<\/p>\n<p>Loscht op Shopping! Loscht op Ettelbr\u00e9ck!<\/p>","protected":false},"excerpt":{"rendered":"<p>Connaissez-vous d\u00e9j\u00e0 la plus grande zone pi\u00e9tonne du nord du Luxembourg? \u00c0 Ettelbruck, 200 boutiques de mode, centres de beaut\u00e9s, coiffeurs, magasins de d\u00e9coration, fleuristes, bijouteries\u2026 accueillent les visiteurs pour combler les d\u00e9sirs de chacun. Un plaisir encore plus agr\u00e9able dans le centre pi\u00e9tonnier qui, lors du traditionnel \u00ab\u00a0Nei Ettelbr\u00e9ck\u00a0\u00bb, se transforme en f\u00eate populaire. [&hellip;]<\/p>\n","protected":false},"author":1,"featured_media":0,"parent":30,"menu_order":4,"comment_status":"closed","ping_status":"closed","template":"","meta":{"_acf_changed":false,"inline_featured_image":false,"footnotes":""},"acf":[],"_links":{"self":[{"href":"https:\/\/ettelbruck.lu\/visiteur\/wp-json\/wp\/v2\/pages\/44"}],"collection":[{"href":"https:\/\/ettelbruck.lu\/visiteur\/wp-json\/wp\/v2\/pages"}],"about":[{"href":"https:\/\/ettelbruck.lu\/visiteur\/wp-json\/wp\/v2\/types\/page"}],"author":[{"embeddable":true,"href":"https:\/\/ettelbruck.lu\/visiteur\/wp-json\/wp\/v2\/users\/1"}],"replies":[{"embeddable":true,"href":"https:\/\/ettelbruck.lu\/visiteur\/wp-json\/wp\/v2\/comments?post=44"}],"version-history":[{"count":6,"href":"https:\/\/ettelbruck.lu\/visiteur\/wp-json\/wp\/v2\/pages\/44\/revisions"}],"predecessor-version":[{"id":1607,"href":"https:\/\/ettelbruck.lu\/visiteur\/wp-json\/wp\/v2\/pages\/44\/revisions\/1607"}],"up":[{"embeddable":true,"href":"https:\/\/ettelbruck.lu\/visiteur\/wp-json\/wp\/v2\/pages\/30"}],"wp:attachment":[{"href":"https:\/\/ettelbruck.lu\/visiteur\/wp-json\/wp\/v2\/media?parent=44"}],"curies":[{"name":"wp","href":"https:\/\/api.w.org\/{rel}","templated":true}]}}