{"id":50,"date":"2020-03-13T14:44:49","date_gmt":"2020-03-13T13:44:49","guid":{"rendered":"https:\/\/ettelbruck.webdev.lu\/visiteur\/?page_id=50"},"modified":"2020-08-14T14:27:59","modified_gmt":"2020-08-14T12:27:59","slug":"culture","status":"publish","type":"page","link":"https:\/\/ettelbruck.lu\/visiteur\/visiter\/culture\/","title":{"rendered":"Culture"},"content":{"rendered":"<p>Ville de culture et de m\u00e9moire, Ettelbruck fait la part belle \u00e0 l\u2019art sous toutes ses formes, que vous pourrez croiser en ville, ou d\u00e9couvrir au CAPE (Centre des Arts Pluriels Ed. Juncker).<\/p>\n<p>Le programme du CAPE oscille entre concerts de jazz et de musique classique, expositions, cabaret\u2026 Sans aller au mus\u00e9e, vous pourrez admirer en diff\u00e9rents endroits d\u2019Ettelbruck comment la ville s\u2019inscrit dans le mouvement du Street Art. Et d\u00e9couvrir les sculptures, comme celle de Marie-Jos\u00e9e Kerschen.<\/p>\n<p>Envie de vous \u00e9vader avec un bon livre ? La \u00ab Ettelbr\u00e9cker Biblioth\u00e9ik \u00bb vous attend, avec vos enfants, qui y disposent d\u2019un espace sp\u00e9cialement am\u00e9nag\u00e9.<\/p>\n<p>Ettelbruck met aussi \u00e0 l\u2019honneur le g\u00e9n\u00e9ral Patton, qui a jou\u00e9 un r\u00f4le capital pour l\u2019histoire de la ville pendant la Seconde guerre mondiale. D\u2019autres lieux comme le cimeti\u00e8re juif, l\u2019ancienne synagogue et la pierre de m\u00e9moire \u00ab Stolperstein \u00bb participent au tourisme de m\u00e9moire de la ville.<\/p>\n<p>&nbsp;<\/p>","protected":false},"excerpt":{"rendered":"<p>Ville de culture et de m\u00e9moire, Ettelbruck fait la part belle \u00e0 l\u2019art sous toutes ses formes, que vous pourrez croiser en ville, ou d\u00e9couvrir au CAPE (Centre des Arts Pluriels Ed. Juncker). Le programme du CAPE oscille entre concerts de jazz et de musique classique, expositions, cabaret\u2026 Sans aller au mus\u00e9e, vous pourrez admirer [&hellip;]<\/p>\n","protected":false},"author":1,"featured_media":0,"parent":30,"menu_order":2,"comment_status":"closed","ping_status":"closed","template":"","meta":{"_acf_changed":false,"inline_featured_image":false,"footnotes":""},"acf":[],"_links":{"self":[{"href":"https:\/\/ettelbruck.lu\/visiteur\/wp-json\/wp\/v2\/pages\/50"}],"collection":[{"href":"https:\/\/ettelbruck.lu\/visiteur\/wp-json\/wp\/v2\/pages"}],"about":[{"href":"https:\/\/ettelbruck.lu\/visiteur\/wp-json\/wp\/v2\/types\/page"}],"author":[{"embeddable":true,"href":"https:\/\/ettelbruck.lu\/visiteur\/wp-json\/wp\/v2\/users\/1"}],"replies":[{"embeddable":true,"href":"https:\/\/ettelbruck.lu\/visiteur\/wp-json\/wp\/v2\/comments?post=50"}],"version-history":[{"count":10,"href":"https:\/\/ettelbruck.lu\/visiteur\/wp-json\/wp\/v2\/pages\/50\/revisions"}],"predecessor-version":[{"id":1648,"href":"https:\/\/ettelbruck.lu\/visiteur\/wp-json\/wp\/v2\/pages\/50\/revisions\/1648"}],"up":[{"embeddable":true,"href":"https:\/\/ettelbruck.lu\/visiteur\/wp-json\/wp\/v2\/pages\/30"}],"wp:attachment":[{"href":"https:\/\/ettelbruck.lu\/visiteur\/wp-json\/wp\/v2\/media?parent=50"}],"curies":[{"name":"wp","href":"https:\/\/api.w.org\/{rel}","templated":true}]}}