{"id":12208,"date":"2020-11-25T14:05:54","date_gmt":"2020-11-25T13:05:54","guid":{"rendered":"https:\/\/ettelbruck.lu\/citoyen\/?page_id=12208"},"modified":"2023-03-21T16:14:11","modified_gmt":"2023-03-21T15:14:11","slug":"service-de-deneigement","status":"publish","type":"page","link":"https:\/\/ettelbruck.lu\/citoyen\/service-de-deneigement\/","title":{"rendered":"Service de d\u00e9neigement"},"content":{"rendered":"<p>Un service de d\u00e9neigement payant des trottoirs est mis en place pendant la p\u00e9riode du 1ier d\u00e9cembre jusqu\u2019au 31 mars.<\/p>\n<p><strong>Qui sont les b\u00e9n\u00e9ficiaires?<\/strong><br \/>\n\u2022 Les personnes \u00e2g\u00e9es de plus de 70 ans et qui ne vivent pas dans un m\u00e9nage avec une personne de moins de 70 ans;<br \/>\n\u2022 les personnes atteintes d\u2019un handicap (carte d\u2019invalidit\u00e9 B ou C).<\/p>\n<p>Le nombre de m\u00e9nages pouvant b\u00e9n\u00e9ficier de ce service est limit\u00e9 aux 100 premi\u00e8res inscriptions.<\/p>\n<p>Le d\u00e9neigement sera effectu\u00e9 par le Projet Arcade du lundi au vendredi de 07.00 hrs \u00e0 12.00 hrs et de 13.00 hrs \u00e0 16.00 hrs (sauf jours f\u00e9ri\u00e9s). Un d\u00e9neigement ne pourra pas \u00eatre garanti le jour m\u00eame de la chute de neige. Le chemin de l\u2019entr\u00e9e principale de votre maison vers la bo\u00eete aux lettres et le trottoir seront d\u00e9blay\u00e9s. Le trottoir d\u00e9blay\u00e9 sera sal\u00e9 sur demande.<\/p>\n<p>Le service sera factur\u00e9 au prix forfaitaire (pendant toute la dur\u00e9e) de 50.00 \u20ac par la Recette communale de la Ville d\u2019Ettelbruck.<\/p>\n<p>Pour plus de renseignements: 26 81 91 379 (Office Social Nordstad)<\/p>","protected":false},"excerpt":{"rendered":"<p>Un service de d\u00e9neigement payant des trottoirs est mis en place pendant la p\u00e9riode du 1ier d\u00e9cembre jusqu\u2019au 31 mars. Qui sont les b\u00e9n\u00e9ficiaires? \u2022 Les personnes \u00e2g\u00e9es de plus de 70 ans et qui ne vivent pas dans un m\u00e9nage avec une personne de moins de 70 ans; \u2022 les personnes atteintes d\u2019un handicap [&hellip;]<\/p>\n","protected":false},"author":5,"featured_media":0,"parent":0,"menu_order":25,"comment_status":"closed","ping_status":"closed","template":"","meta":{"_acf_changed":false,"inline_featured_image":false,"footnotes":""},"acf":[],"_links":{"self":[{"href":"https:\/\/ettelbruck.lu\/citoyen\/wp-json\/wp\/v2\/pages\/12208"}],"collection":[{"href":"https:\/\/ettelbruck.lu\/citoyen\/wp-json\/wp\/v2\/pages"}],"about":[{"href":"https:\/\/ettelbruck.lu\/citoyen\/wp-json\/wp\/v2\/types\/page"}],"author":[{"embeddable":true,"href":"https:\/\/ettelbruck.lu\/citoyen\/wp-json\/wp\/v2\/users\/5"}],"replies":[{"embeddable":true,"href":"https:\/\/ettelbruck.lu\/citoyen\/wp-json\/wp\/v2\/comments?post=12208"}],"version-history":[{"count":2,"href":"https:\/\/ettelbruck.lu\/citoyen\/wp-json\/wp\/v2\/pages\/12208\/revisions"}],"predecessor-version":[{"id":17394,"href":"https:\/\/ettelbruck.lu\/citoyen\/wp-json\/wp\/v2\/pages\/12208\/revisions\/17394"}],"wp:attachment":[{"href":"https:\/\/ettelbruck.lu\/citoyen\/wp-json\/wp\/v2\/media?parent=12208"}],"curies":[{"name":"wp","href":"https:\/\/api.w.org\/{rel}","templated":true}]}}

Service de déneigement

<p>Un service de déneigement payant des trottoirs est mis en place pendant la période du 1ier décembre jusqu’au 31 mars.</p>
<p><strong>Qui sont les bénéficiaires?</strong><br />
• Les personnes âgées de plus de 70 ans et qui ne vivent pas dans un ménage avec une personne de moins de 70 ans;<br />
• les personnes atteintes d’un handicap (carte d’invalidité B ou C).</p>
<p>Le nombre de ménages pouvant bénéficier de ce service est limité aux 100 premières inscriptions.</p>
<p>Le déneigement sera effectué par le Projet Arcade du lundi au vendredi de 07.00 hrs à 12.00 hrs et de 13.00 hrs à 16.00 hrs (sauf jours fériés). Un déneigement ne pourra pas être garanti le jour même de la chute de neige. Le chemin de l’entrée principale de votre maison vers la boîte aux lettres et le trottoir seront déblayés. Le trottoir déblayé sera salé sur demande.</p>
<p>Le service sera facturé au prix forfaitaire (pendant toute la durée) de 50.00 € par la Recette communale de la Ville d’Ettelbruck.</p>
<p>Pour plus de renseignements: 26 81 91 379 (Office Social Nordstad)</p>

<p>Un service de déneigement payant des trottoirs est mis en place pendant la période du 1ier décembre jusqu’au 31 mars. Qui sont les bénéficiaires? • Les personnes âgées de plus de 70 ans et qui ne vivent pas dans un ménage avec une personne de moins de 70 ans; • les personnes atteintes d’un handicap [&hellip;]</p>
